000
CDUS43 KDVN 280913
CLIBRL


CLIMATE REPORT
NATIONAL WEATHER SERVICE QUAD CITIES IA IL
411 AM CDT TUE APR 28 2015


...................................

...THE BURLINGTON IA CLIMATE SUMMARY FOR APRIL 27 2015...

CLIMATE NORMAL PERIOD 1981 TO 2010
CLIMATE RECORD PERIOD 1897 TO 2015


WEATHER ITEM   OBSERVED TIME   RECORD YEAR NORMAL DEPARTURE LAST
                VALUE   (LST)  VALUE       VALUE  FROM      YEAR
                                                  NORMAL
..................................................................
TEMPERATURE (F)
 YESTERDAY
  MAXIMUM         65    505 PM  87    1956  69     -4       79
  MINIMUM         37    123 AM  30    1953  47    -10       47
  AVERAGE         51                        58     -7       63

PRECIPITATION (IN)
  YESTERDAY        0.00         MM      MM   0.15  -0.15     1.05
  MONTH TO DATE    1.60                      3.29  -1.69     3.63
  SINCE MAR 1      1.90                      6.08  -4.18     4.80
  SINCE JAN 1      4.32                      8.94  -4.62     9.17

DEGREE DAYS
 HEATING
  YESTERDAY       14                         8      6        2
  MONTH TO DATE  275                       334    -59      358
  SINCE MAR 1   1041                      1062    -21     1323
  SINCE JUL 1   5972                      5440    532     6646

 COOLING
  YESTERDAY        0                         1     -1        0
  MONTH TO DATE    3                        17    -14        8
  SINCE MAR 1      3                        19    -16        8
  SINCE JAN 1      3                        19    -16        8
..................................................................


WIND (MPH)
  HIGHEST WIND SPEED    18   HIGHEST WIND DIRECTION    NE (50)
  HIGHEST GUST SPEED    23   HIGHEST GUST DIRECTION    NE (50)
  AVERAGE WIND SPEED     7.1


SKY COVER
  POSSIBLE SUNSHINE  MM
  AVERAGE SKY COVER 0.0


WEATHER CONDITIONS
 THE FOLLOWING WEATHER WAS RECORDED YESTERDAY.
  NO SIGNIFICANT WEATHER WAS OBSERVED.


RELATIVE HUMIDITY (PERCENT)
 HIGHEST    92           100 AM
 LOWEST     34           200 PM
 AVERAGE    63

..........................................................


THE BURLINGTON IA CLIMATE NORMALS FOR TODAY
                         NORMAL    RECORD    YEAR
 MAXIMUM TEMPERATURE (F)   69        88      1970
 MINIMUM TEMPERATURE (F)   47        34      1950


SUNRISE AND SUNSET
APRIL 28 2015.........SUNRISE   607 AM CDT   SUNSET   757 PM CDT
APRIL 29 2015.........SUNRISE   606 AM CDT   SUNSET   758 PM CDT


-  INDICATES NEGATIVE NUMBERS.
R  INDICATES RECORD WAS SET OR TIED.
MM INDICATES DATA IS MISSING.
T  INDICATES TRACE AMOUNT.




$$
