000
CDUS44 KBRO 280637
CLIBRO


CLIMATE REPORT
NATIONAL WEATHER SERVICE BROWNSVILLE TX
137 AM CDT TUE APR 28 2015


...................................

...THE BROWNSVILLE CLIMATE SUMMARY FOR APRIL 27 2015...

CLIMATE NORMAL PERIOD 1981 TO 2010
CLIMATE RECORD PERIOD 1878 TO 2015


WEATHER ITEM   OBSERVED TIME   RECORD YEAR NORMAL DEPARTURE LAST
                VALUE   (LST)  VALUE       VALUE  FROM      YEAR
                                                  NORMAL
..................................................................
TEMPERATURE (F)
 YESTERDAY
  MAXIMUM         89    501 PM 102    1984  85      4       MM
  MINIMUM         76   1159 PM  47    1913  69      7       76
  AVERAGE         83                        77      6       MM

PRECIPITATION (IN)
  YESTERDAY        0.00          6.19 1932   0.05  -0.05     0.00
  MONTH TO DATE    1.73                      1.39   0.34     0.28
  SINCE MAR 1      6.45                      2.62   3.83     1.74
  SINCE JAN 1     10.77                      4.97   5.80     2.50

SNOWFALL (IN)
  YESTERDAY        0.0           0.0  2002   0.0
                                      2001
  MONTH TO DATE    0.0                       0.0
  SINCE MAR 1      0.0                       0.0
  SINCE JUL 1      0.0                       0.0

DEGREE DAYS
 HEATING
  YESTERDAY        0                         0      0       MM
  MONTH TO DATE    0                         6     -6       10
  SINCE MAR 1     67                        49     18      100
  SINCE JUL 1    690                       552    138      824

 COOLING
  YESTERDAY       18                        12      6       MM
  MONTH TO DATE  362                       265     97      243
  SINCE MAR 1    486                       439     47      366
  SINCE JAN 1    543                       580    -37      486
..................................................................


WIND (MPH)
  HIGHEST WIND SPEED    21   HIGHEST WIND DIRECTION    NW (320)
  HIGHEST GUST SPEED    27   HIGHEST GUST DIRECTION    NW (320)
  AVERAGE WIND SPEED    10.1


SKY COVER
  POSSIBLE SUNSHINE  MM
  AVERAGE SKY COVER 0.6


WEATHER CONDITIONS
 THE FOLLOWING WEATHER WAS RECORDED YESTERDAY.
  FOG
  HAZE


RELATIVE HUMIDITY (PERCENT)
 HIGHEST    97           100 AM
 LOWEST     44           500 PM
 AVERAGE    71

..........................................................


THE BROWNSVILLE CLIMATE NORMALS FOR TODAY
                         NORMAL    RECORD    YEAR
 MAXIMUM TEMPERATURE (F)   85       100      2014
 MINIMUM TEMPERATURE (F)   69        50      1997


SUNRISE AND SUNSET
APRIL 28 2015.........SUNRISE   655 AM CDT   SUNSET   759 PM CDT
APRIL 29 2015.........SUNRISE   655 AM CDT   SUNSET   800 PM CDT


-  INDICATES NEGATIVE NUMBERS.
R  INDICATES RECORD WAS SET OR TIED.
MM INDICATES DATA IS MISSING.
T  INDICATES TRACE AMOUNT.




$$
