000
CDAK49 PABR 250910
CLIBRW

CLIMATE REPORT
NATIONAL WEATHER SERVICE BARROW, AK
110 AM AKDT SAT APR 25 2015

...................................
...THE BARROW WSO AP CLIMATE SUMMARY FOR APRIL 24 2015...

CLIMATE NORMAL PERIOD  1981 TO  2010
CLIMATE RECORD PERIOD  1915 TO  2015

WEATHER ITEM   OBSERVED TIME    RECORD YEAR NORMAL DEPARTURE LAST
               VALUE    (LST)   VALUE       VALUE  FROM      YEAR
                                                   NORMAL
...................................................................
TEMPERATURE
YESTERDAY
 MAXIMUM            29  0346 PM    42  1936     14      15     18
 MINIMUM            11  0436 AM   -25  1922      1      10      8
 AVERAGE            20                           8      12     13

PRECIPITATION
(INCHES)
 YESTERDAY        0.00           0.17  1958   0.01   -0.01      T
 MONTH TO DATE    0.33                        0.13    0.20   0.29
 SINCE MAR 1      0.61                        0.22    0.39   0.34
 SINCE JAN 1      1.18                        0.49    0.69   0.71

SNOWFALL
(INCHES)
 YESTERDAY         0.0            2.2  1923    0.1    -0.1      T
 MONTH TO DATE     5.6                         2.6     3.0    3.7
 SINCE MAR 1       9.0                         4.7     4.3    5.5
 SINCE JUL 1      52.1                        33.7    18.4   48.1
 SNOW DEPTH (IN)     8                                          9

DEGREE DAYS
 HEATING
  YESTERDAY         45                          57     -12     52
  MONTH TO DATE   1466                        1565     -99   1529
  SINCE MAR 1     3806                        3969    -163   3682
  SINCE JUL 1    15949                       16817    -868  15405

 COOLING
  YESTERDAY          0                           0       0      0
  MONTH TO DATE      0                           0       0      0
  SINCE MAR 1        0                           0       0      0
  SINCE JAN 1        0                           0       0      0
...................................................................

WIND (MPH)
 HIGHEST WIND SPEED    16     HIGHEST WIND DIRECTION     40
 HIGHEST GUST SPEED    19     HIGHEST GUST DIRECTION     30
 AVERAGE WIND SPEED   9.5

WEATHER CONDITIONS
 THE FOLLOWING WEATHER WAS RECORDED YESTERDAY.
  FOG


RELATIVE HUMIDITY
 HIGHEST RH     96 PERCENT       11:53 PM
 LOWEST  RH     71 PERCENT       05:53 PM
 AVERAGE RH     84 PERCENT       MM
...................................................................

THE BARROW CLIMATE NORMALS FOR TODAY
                           NORMAL    RECORD   YEAR
 MAXIMUM TEMPERATURE (F)     15        36     1931
 MINIMUM TEMPERATURE (F)      2       -29     1924

SUNRISE AND SUNSET
 APR 25 2015..........SUNRISE  5:15 AM      SUNSET 11:41 PM
 APR 26 2015..........SUNRISE  5:09 AM      SUNSET 11:47 PM

-  INDICATES NEGATIVE NUMBERS.
R  INDICATES RECORD HAS BEEN SET OR TIED.
MM INDICATES DATA IS MISSING.
T  INDICATES TRACE OF PRECIPITATION.

&&
-------------------------------------------------------------------

AMOUNT OF DAYLIGHT TODAY  (HOUR:MIN)........18 HOURS 26 MINUTES
GAIN/LOSS SINCE YESTERDAY (HOUR:MIN:SEC)....+0:12:04

$$
DZB APR 15
