000
CDUS46 KLOX 190903
CLIBUR


CLIMATE REPORT
NATIONAL WEATHER SERVICE LOS ANGELES/OXNARD CA
202 AM PDT SUN APR 19 2015


...................................

...THE BOB HOPE AIRPORT (BURBANK) CA CLIMATE SUMMARY FOR APRIL 18 2015...

CLIMATE NORMAL PERIOD 1981 TO 2010
CLIMATE RECORD PERIOD 1939 TO 2015


WEATHER ITEM   OBSERVED TIME   RECORD YEAR NORMAL DEPARTURE LAST
                VALUE   (LST)  VALUE       VALUE  FROM      YEAR
                                                  NORMAL
..................................................................
TEMPERATURE (F)
 YESTERDAY
  MAXIMUM         81    135 PM  92    1980  74      7       71
  MINIMUM         54    507 AM  39    1976  50      4       56
  AVERAGE         68                        62      6       64

PRECIPITATION (IN)
  YESTERDAY        0.00          1.17 1983   0.03  -0.03      T
  MONTH TO DATE    0.10                      0.77  -0.67     0.04
  SINCE OCT 1      7.13                     16.19  -9.06     5.54
  SINCE JAN 1      2.63                     11.75  -9.12     4.91

SNOWFALL (IN)
  YESTERDAY        0.0
  MONTH TO DATE    0.0
  SINCE MAR 1      0.0
  SINCE JUL 1      0.0

DEGREE DAYS
 HEATING
  YESTERDAY        0                         4     -4        1
  MONTH TO DATE   35                        95    -60       55
  SINCE MAR 1     84                       313   -229      143
  SINCE JUL 1    641                      1454   -813      620

 COOLING
  YESTERDAY        3                         1      2        0
  MONTH TO DATE   22                        18      4       42
  SINCE MAR 1    151                        28    123       62
  SINCE JAN 1    177                        34    143      122
..................................................................


WIND (MPH)
  HIGHEST WIND SPEED    14   HIGHEST WIND DIRECTION     S (160)
  HIGHEST GUST SPEED    17   HIGHEST GUST DIRECTION    SE (120)
  AVERAGE WIND SPEED     4.6


SKY COVER
  POSSIBLE SUNSHINE  MM
  AVERAGE SKY COVER 0.0


WEATHER CONDITIONS
 THE FOLLOWING WEATHER WAS RECORDED YESTERDAY.
  NO SIGNIFICANT WEATHER WAS OBSERVED.


RELATIVE HUMIDITY (PERCENT)
 HIGHEST    69          1100 PM
 LOWEST     16          1000 AM
 AVERAGE    43

..........................................................


THE BOB HOPE AIRPORT (BURBANK) CA CLIMATE NORMALS FOR TODAY
                         NORMAL    RECORD    YEAR
 MAXIMUM TEMPERATURE (F)   74        98      1958
 MINIMUM TEMPERATURE (F)   51        38      1967


SUNRISE AND SUNSET
APRIL 19 2015.........SUNRISE   618 AM PDT   SUNSET   728 PM PDT
APRIL 20 2015.........SUNRISE   616 AM PDT   SUNSET   729 PM PDT


-  INDICATES NEGATIVE NUMBERS.
R  INDICATES RECORD WAS SET OR TIED.
MM INDICATES DATA IS MISSING.
T  INDICATES TRACE AMOUNT.




$$
