000
CDUS45 KRIW 270759
CLIBYG


CLIMATE REPORT
NATIONAL WEATHER SERVICE RIVERTON WY
155 AM MDT MON APR 27 2015


...................................

...THE BUFFALO WY CLIMATE SUMMARY FOR APRIL 26 2015...

CLIMATE NORMAL PERIOD 1981 TO 2010
CLIMATE RECORD PERIOD 1998 TO 2015


WEATHER ITEM   OBSERVED TIME   RECORD YEAR NORMAL DEPARTURE LAST
                VALUE   (LST)  VALUE       VALUE  FROM      YEAR
                                                  NORMAL
..................................................................
TEMPERATURE (F)
 YESTERDAY
  MAXIMUM         41    409 PM  81    2012  57    -16       62
  MINIMUM         34   1159 PM  26    2008  36     -2       40
                                      2002
  AVERAGE         38                        47     -9       51

PRECIPITATION (IN)
  YESTERDAY        0.43R         0.35 2014   0.07   0.36     0.35
  MONTH TO DATE    0.72                      0.96  -0.24     0.94
  SINCE MAR 1      0.80                      1.88  -1.08     1.55
  SINCE JAN 1      1.44                      2.65  -1.21     1.91

DEGREE DAYS
 HEATING
  YESTERDAY       27                        18      9       14
  MONTH TO DATE  521                       583    -62      566
  SINCE MAR 1   1194                      1533   -339     1562
  SINCE JUL 1   5890                      6773   -883     6806

 COOLING
  YESTERDAY        0                         0      0        0
  MONTH TO DATE    0                         0      0        0
  SINCE MAR 1      0                         0      0        0
  SINCE JAN 1      0                         0      0        0
..................................................................


WIND (MPH)
  HIGHEST WIND SPEED    21   HIGHEST WIND DIRECTION     N (350)
  HIGHEST GUST SPEED    27   HIGHEST GUST DIRECTION     N (340)
  AVERAGE WIND SPEED    10.4


SKY COVER
  POSSIBLE SUNSHINE  MM
  AVERAGE SKY COVER 1.0


WEATHER CONDITIONS
 THE FOLLOWING WEATHER WAS RECORDED YESTERDAY.
  HEAVY RAIN
  RAIN
  LIGHT RAIN
  SNOW
  LIGHT SNOW
  FOG


RELATIVE HUMIDITY (PERCENT)
 HIGHEST   100           100 PM
 LOWEST     79          1200 AM
 AVERAGE    90

..........................................................


THE BUFFALO WY CLIMATE NORMALS FOR TODAY
                         NORMAL    RECORD    YEAR
 MAXIMUM TEMPERATURE (F)   58        79      2001
 MINIMUM TEMPERATURE (F)   36        21      2005


SUNRISE AND SUNSET
APRIL 27 2015.........SUNRISE   604 AM MDT   SUNSET   806 PM MDT
APRIL 28 2015.........SUNRISE   602 AM MDT   SUNSET   807 PM MDT


-  INDICATES NEGATIVE NUMBERS.
R  INDICATES RECORD WAS SET OR TIED.
MM INDICATES DATA IS MISSING.
T  INDICATES TRACE AMOUNT.




$$
