000
CDUS45 KABQ 190842
CLICAO


CLIMATE REPORT
NATIONAL WEATHER SERVICE ALBUQUERQUE NM
238 AM MDT SUN APR 19 2015


...................................

...THE CLAYTON  NM CLIMATE SUMMARY FOR APRIL 18 2015...

CLIMATE NORMAL PERIOD 1981 TO 2010
CLIMATE RECORD PERIOD 1896 TO 2015


WEATHER ITEM   OBSERVED TIME   RECORD YEAR NORMAL DEPARTURE
                VALUE   (LST)  VALUE       VALUE  FROM
                                                  NORMAL
...............................................................
TEMPERATURE (F)
 YESTERDAY
  MAXIMUM         57    317 PM  88    1948  68    -11
  MINIMUM         37    525 AM  16    1953  38     -1
  AVERAGE         47                        53     -6

PRECIPITATION (IN)
  YESTERDAY        0.21          0.50 1942   0.03   0.18
  MONTH TO DATE    0.26                      0.49  -0.23
  SINCE MAR 1      0.67                      1.44  -0.77
  SINCE JAN 1      3.69                      2.06   1.63

SNOWFALL (IN)
  YESTERDAY        0.0
  MONTH TO DATE    0.0
  SINCE MAR 1      0.9
  SINCE JUL 1     26.1

DEGREE DAYS
 HEATING
  YESTERDAY       18                        12      6
  MONTH TO DATE  181                       261    -80
  SINCE MAR 1    688                       905   -217
  SINCE JUL 1   4131                      4582   -451

 COOLING
  YESTERDAY        0                         0      0
  MONTH TO DATE    0                         0      0
  SINCE MAR 1      0                         1     -1
  SINCE JAN 1      0                         1     -1
...............................................................


WIND (MPH)
  HIGHEST WIND SPEED    21   HIGHEST WIND DIRECTION     W (250)
  HIGHEST GUST SPEED    26   HIGHEST GUST DIRECTION     W (250)
  AVERAGE WIND SPEED     9.6


SKY COVER
  AVERAGE SKY COVER 0.3


WEATHER CONDITIONS
 THE FOLLOWING WEATHER WAS RECORDED YESTERDAY.
  THUNDERSTORM
  RAIN
  LIGHT RAIN


RELATIVE HUMIDITY (PERCENT)
 HIGHEST    79          1100 AM
 LOWEST     37          1200 AM
 AVERAGE    58

..........................................................


THE CLAYTON  NM CLIMATE NORMALS FOR TODAY
                         NORMAL    RECORD    YEAR
 MAXIMUM TEMPERATURE (F)   68        85      2001
 MINIMUM TEMPERATURE (F)   39        21      1953


SUNRISE AND SUNSET
APRIL 19 2015.........SUNRISE   614 AM MDT   SUNSET   730 PM MDT
APRIL 20 2015.........SUNRISE   613 AM MDT   SUNSET   731 PM MDT


-  INDICATES NEGATIVE NUMBERS.
R  INDICATES RECORD WAS SET OR TIED.
MM INDICATES DATA IS MISSING.
T  INDICATES TRACE AMOUNT.




$$
