000
CDUS41 KCAR 070528
CLICAR


CLIMATE REPORT
NATIONAL WEATHER SERVICE CARIBOU, ME
128 AM EDT THU MAY 7 2015


...................................

...THE CARIBOU ME CLIMATE SUMMARY FOR MAY 6 2015...

CLIMATE NORMAL PERIOD 1981 TO 2010
CLIMATE RECORD PERIOD 1939 TO 2015


WEATHER ITEM   OBSERVED TIME   RECORD YEAR NORMAL DEPARTURE LAST
                VALUE   (LST)  VALUE       VALUE  FROM      YEAR
                                                  NORMAL
..................................................................
TEMPERATURE (F)
 YESTERDAY
  MAXIMUM         64        MM  81    1999  59      5       61
  MINIMUM         36        MM  25    1974  38     -2       39
  AVERAGE         50                        48      2       50

PRECIPITATION (IN)
  YESTERDAY        0.00          0.94 1970   0.10  -0.10      T
  MONTH TO DATE    0.03                      0.59  -0.56     0.69
  SINCE MAR 1      4.03                      5.76  -1.73     8.50
  SINCE JAN 1      8.13                     10.68  -2.55    14.72

SNOWFALL (IN)
  YESTERDAY        0.0           T    2011   0.0    0.0      0.0
  MONTH TO DATE    0.0                       0.2   -0.2      0.0
  SINCE MAR 1     33.5                      25.9    7.6     51.3
  SINCE JUL 1    141.8                     108.4   33.4    150.7
  SNOW DEPTH       0

DEGREE DAYS
 HEATING
  YESTERDAY       15                        17     -2       15
  MONTH TO DATE   70                       108    -38      108
  SINCE MAR 1   2317                      2153    164     2476
  SINCE JUL 1   9058                      8874    184     9130

 COOLING
  YESTERDAY        0                         0      0        0
  MONTH TO DATE    0                         0      0        0
  SINCE MAR 1      0                         0      0        0
  SINCE JAN 1      0                         0      0        0
..................................................................


WIND (MPH)
  HIGHEST WIND SPEED    17   HIGHEST WIND DIRECTION    NW (330)
  HIGHEST GUST SPEED    37   HIGHEST GUST DIRECTION    NW (310)
  AVERAGE WIND SPEED    10.1


SKY COVER
  POSSIBLE SUNSHINE  MM
  AVERAGE SKY COVER 0.2


WEATHER CONDITIONS
 THE FOLLOWING WEATHER WAS RECORDED YESTERDAY.
  NO SIGNIFICANT WEATHER WAS OBSERVED.


RELATIVE HUMIDITY (PERCENT)
 HIGHEST    76           500 AM
 LOWEST     23           500 PM
 AVERAGE    50

..........................................................


THE CARIBOU ME CLIMATE NORMALS FOR TODAY
                         NORMAL    RECORD    YEAR
 MAXIMUM TEMPERATURE (F)   59        85      2013
 MINIMUM TEMPERATURE (F)   38        21      1966


SUNRISE AND SUNSET
MAY  7 2015...........SUNRISE   508 AM EDT   SUNSET   750 PM EDT
MAY  8 2015...........SUNRISE   507 AM EDT   SUNSET   751 PM EDT


-  INDICATES NEGATIVE NUMBERS.
R  INDICATES RECORD WAS SET OR TIED.
MM INDICATES DATA IS MISSING.
T  INDICATES TRACE AMOUNT.




$$
