000
CDAK48 PACD 262316
CLICDB

CLIMATE REPORT
NATIONAL WEATHER SERVICE COLD BAY, AK
316 PM AKDT SUN APR 26 2015

...................................
...THE COLD BAY AP CLIMATE SUMMARY FOR APRIL 26 2015...
VALID TODAY AS OF 2:00 PM LOCAL TIME

CLIMATE NORMAL PERIOD  1981 TO  2010
CLIMATE RECORD PERIOD  1942 TO  2015

WEATHER ITEM   OBSERVED TIME    RECORD YEAR NORMAL DEPARTURE LAST
               VALUE    (LST)   VALUE       VALUE  FROM      YEAR
                                                   NORMAL
...................................................................
TEMPERATURE
TODAY
 MAXIMUM            39  0159 PM    60  1948     41      -2     47
 MINIMUM            34  0742 AM    13  2006     31       3     39
 AVERAGE            37                          36       1     43

PRECIPITATION
(INCHES)
 TODAY               T           1.26  1967   0.07   -0.07   0.10
 MONTH TO DATE    1.49                        2.11   -0.62   1.78
 SINCE MAR 1      4.64                        4.81   -0.17   3.17
 SINCE JAN 1      7.15                       10.95   -3.80  11.62

SNOWFALL
(INCHES)
 TODAY             0.0            2.0  2004    0.1    -0.1    0.0
 MONTH TO DATE     8.0                         6.1     1.9    1.4
 SINCE MAR 1      13.6                        19.1    -5.5    8.2
 SINCE JUL 1      22.3                        71.3   -49.0   37.3
 SNOW DEPTH (IN)     0                                          0

DEGREE DAYS
 HEATING
  TODAY             28                          29      -1     22
  MONTH TO DATE    803                         817     -14    681
  SINCE MAR 1     1745                        1896    -151   1645
  SINCE JUL 1     7118                        8120   -1002   6789

 COOLING
  TODAY              0                           0       0      0
  MONTH TO DATE      0                           0       0      0
  SINCE MAR 1        0                           0       0      0
  SINCE JAN 1        0                           0       0      0
...................................................................

WIND (MPH)
 HIGHEST WIND SPEED    22     HIGHEST WIND DIRECTION    290
 HIGHEST GUST SPEED    26     HIGHEST GUST DIRECTION    330
 AVERAGE WIND SPEED    MM

WEATHER CONDITIONS
 THE FOLLOWING WEATHER WAS RECORDED TODAY.
  FOG
  RAIN
...................................................................

THE COLD BAY CLIMATE NORMALS FOR TOMORROW
                        NORMAL    RECORD   YEAR
 MAXIMUM TEMPERATURE      42        49     2012
 MINIMUM TEMPERATURE      31        19     1976

SUNRISE AND SUNSET
 APR 26 2015..........SUNRISE  7:22 AM      SUNSET 10:18 PM
 APR 27 2015..........SUNRISE  7:19 AM      SUNSET 10:20 PM

-  INDICATES NEGATIVE NUMBERS.
R  INDICATES RECORD HAS BEEN SET OR TIED.
MM INDICATES DATA IS MISSING.
T  INDICATES TRACE OF PRECIPITATION.

&&
-------------------------------------------------------------------

AMOUNT OF DAYLIGHT TODAY  (HOUR:MIN)........14 HOURS 56 MINUTES
GAIN SINCE YESTERDAY (HOUR:MIN:SEC).........+0:04:15
