000
CDUS45 KSLC 250018
CLICDC


CLIMATE REPORT
NATIONAL WEATHER SERVICE SALT LAKE CITY UT
618 PM MDT FRI APR 24 2015


...................................

...THE CEDAR CITY UT CLIMATE SUMMARY FOR APRIL 24 2015...
VALID TODAY AS OF 0500 PM LOCAL TIME.

CLIMATE NORMAL PERIOD 1981 TO 2010
CLIMATE RECORD PERIOD 1928 TO 2015


WEATHER ITEM   OBSERVED TIME   RECORD YEAR NORMAL DEPARTURE LAST
                VALUE   (LST)  VALUE       VALUE  FROM      YEAR
                                                  NORMAL
..................................................................
TEMPERATURE (F)
 TODAY
  MAXIMUM         64    330 PM  81    1977  64      0       71
  MINIMUM         35    456 AM  23    1964  34      1       26
  AVERAGE         50                        49      1       49

PRECIPITATION (IN)
  TODAY            0.00          0.61 1990   0.03  -0.03     0.00
  MONTH TO DATE    0.12                      0.88  -0.76      T
  SINCE OCT 1      5.30                      7.20  -1.90     3.30
  SINCE JAN 1      3.17                      4.09  -0.92     1.36

DEGREE DAYS
 HEATING
  TODAY           15                        16     -1       16
  MONTH TO DATE  441                       463    -22      384
  SINCE MAR 1   1082                      1235   -153     1114
  SINCE JUL 1   4920                      5797   -877     5701

 COOLING
  TODAY            0                         0      0        0
  MONTH TO DATE    0                         0      0        0
  SINCE MAR 1      0                         0      0        0
  SINCE JAN 1      0                         0      0        0
..................................................................


WIND (MPH)
  RESULTANT WIND SPEED  13   RESULTANT WIND DIRECTION   S (200)
  HIGHEST WIND SPEED    31   HIGHEST WIND DIRECTION    SW (210)
  HIGHEST GUST SPEED    37   HIGHEST GUST DIRECTION    SW (210)
  AVERAGE WIND SPEED    13.3



WEATHER CONDITIONS
 THE FOLLOWING WEATHER WAS RECORDED TODAY.
  HAZE


RELATIVE HUMIDITY (PERCENT)
 HIGHEST    70           500 AM
 LOWEST     27           100 PM
 AVERAGE    49

..........................................................


THE CEDAR CITY UT CLIMATE NORMALS FOR TOMORROW
                         NORMAL    RECORD    YEAR
 MAXIMUM TEMPERATURE (F)   64        77      1953
 MINIMUM TEMPERATURE (F)   34        18      2008


SUNRISE AND SUNSET
APRIL 24 2015.........SUNRISE   646 AM MDT   SUNSET   816 PM MDT
APRIL 25 2015.........SUNRISE   644 AM MDT   SUNSET   817 PM MDT


-  INDICATES NEGATIVE NUMBERS.
R  INDICATES RECORD WAS SET OR TIED.
MM INDICATES DATA IS MISSING.
T  INDICATES TRACE AMOUNT.




$$
