000
CDUS46 KEKA 061210
CLICEC


CLIMATE REPORT
NATIONAL WEATHER SERVICE EUREKA CA
508 AM PDT WED MAY 6 2015


...................................

...THE CRESCENT CITY CA CLIMATE SUMMARY FOR MAY 5 2015...

CLIMATE NORMAL PERIOD 1981 TO 2010
CLIMATE RECORD PERIOD 1894 TO 2015


WEATHER ITEM   OBSERVED TIME   RECORD YEAR NORMAL DEPARTURE LAST
                VALUE   (LST)  VALUE       VALUE  FROM      YEAR
                                                  NORMAL
..................................................................
TEMPERATURE (F)
 YESTERDAY
  MAXIMUM         57    204 PM  74    1982  56      1       57
  MINIMUM         41    535 AM  35    1965  46     -5       45
  AVERAGE         49                        51     -2       51

PRECIPITATION (IN)
  YESTERDAY        0.00          2.27 1963   0.11  -0.11     0.07
  MONTH TO DATE    0.00                      0.58  -0.58     0.50
  SINCE OCT 1     41.20                     58.15 -16.95    25.71
  SINCE JAN 1     20.37                     32.91 -12.54    21.77

SNOWFALL (IN)
  YESTERDAY        0.0          MM      MM  MM     MM       MM
  MONTH TO DATE    0.0                      MM     MM        0.0
  SINCE MAR 1      0.0                      MM     MM        0.0
  SINCE JUL 1      0.0                      MM     MM        0.0
  SNOW DEPTH       0

DEGREE DAYS
 HEATING
  YESTERDAY       16                        14      2       14
  MONTH TO DATE   73                        70      3       43
  SINCE MAR 1    949                      1054   -105      902
  SINCE JUL 1   3170                      4227  -1057     4068

 COOLING
  YESTERDAY        0                         0      0        0
  MONTH TO DATE    0                         0      0        0
  SINCE MAR 1      0                         0      0        0
  SINCE JAN 1      0                         0      0        0
..................................................................


WIND (MPH)
  HIGHEST WIND SPEED    28   HIGHEST WIND DIRECTION    NW (330)
  HIGHEST GUST SPEED    37   HIGHEST GUST DIRECTION    NW (330)
  AVERAGE WIND SPEED    13.7


SKY COVER
  AVERAGE SKY COVER 0.0


WEATHER CONDITIONS
 THE FOLLOWING WEATHER WAS RECORDED YESTERDAY.
  FOG
  HAZE


RELATIVE HUMIDITY (PERCENT)
 HIGHEST   100
 LOWEST     67
 AVERAGE    84

..........................................................


THE CRESCENT CITY CA CLIMATE NORMALS FOR TODAY
                         NORMAL    RECORD    YEAR
 MAXIMUM TEMPERATURE (F)   56        85      1949
 MINIMUM TEMPERATURE (F)   46        32      1964


SUNRISE AND SUNSET
MAY  6 2015...........SUNRISE   607 AM PDT   SUNSET   821 PM PDT
MAY  7 2015...........SUNRISE   606 AM PDT   SUNSET   822 PM PDT


-  INDICATES NEGATIVE NUMBERS.
R  INDICATES RECORD WAS SET OR TIED.
MM INDICATES DATA IS MISSING.
T  INDICATES TRACE AMOUNT.




$$
