000
CDUS43 KDVN 272122
CLICID


CLIMATE REPORT
NATIONAL WEATHER SERVICE QUAD CITIES IA IL
421 PM CDT MON APR 27 2015


...................................

...THE CEDAR RAPIDS IA CLIMATE SUMMARY FOR APRIL 27 2015...
VALID TODAY AS OF 0400 PM LOCAL TIME.

CLIMATE NORMAL PERIOD 1981 TO 2010
CLIMATE RECORD PERIOD 1891 TO 2015


WEATHER ITEM   OBSERVED TIME   RECORD YEAR NORMAL DEPARTURE LAST
                VALUE   (LST)  VALUE       VALUE  FROM      YEAR
                                                  NORMAL
..................................................................
TEMPERATURE (F)
 TODAY
  MAXIMUM         66    258 PM  90    1981  65      1       68
  MINIMUM         33    417 AM  24    1933  42     -9       40
  AVERAGE         50                        54     -4       54

PRECIPITATION (IN)
  TODAY            0.00         MM      MM   0.12  -0.12     0.62
  MONTH TO DATE    3.72                      2.68   1.04     6.44
  SINCE MAR 1      4.24                      4.78  -0.54     6.83
  SINCE JAN 1      5.57                      6.92  -1.35     8.58

DEGREE DAYS
 HEATING
  TODAY           15                        12      3       11
  MONTH TO DATE  391                       449    -58      461
  SINCE MAR 1   1262                      1330    -68     1531
  SINCE JUL 1   6789                      6613    176     7570

 COOLING
  TODAY            0                         0      0        0
  MONTH TO DATE    0                         0      0        7
  SINCE MAR 1      0                         0      0        7
  SINCE JAN 1      0                         0      0        7
..................................................................


WIND (MPH)
  HIGHEST WIND SPEED    15   HIGHEST WIND DIRECTION     N (360)
  HIGHEST GUST SPEED    21   HIGHEST GUST DIRECTION     N (10)
  AVERAGE WIND SPEED     7.6


SKY COVER
  POSSIBLE SUNSHINE  MM
  AVERAGE SKY COVER 0.0


WEATHER CONDITIONS
 THE FOLLOWING WEATHER WAS RECORDED TODAY.
  NO SIGNIFICANT WEATHER WAS OBSERVED.


RELATIVE HUMIDITY (PERCENT)
 HIGHEST    82           200 AM
 LOWEST     32           300 PM
 AVERAGE    57

..........................................................


THE CEDAR RAPIDS IA CLIMATE NORMALS FOR TOMORROW
                         NORMAL    RECORD    YEAR
 MAXIMUM TEMPERATURE (F)   66        91      1970
 MINIMUM TEMPERATURE (F)   42        24      1928


SUNRISE AND SUNSET
APRIL 27 2015.........SUNRISE   609 AM CDT   SUNSET   801 PM CDT
APRIL 28 2015.........SUNRISE   607 AM CDT   SUNSET   802 PM CDT


-  INDICATES NEGATIVE NUMBERS.
R  INDICATES RECORD WAS SET OR TIED.
MM INDICATES DATA IS MISSING.
T  INDICATES TRACE AMOUNT.




$$
