000
CDUS43 KTOP 280640
CLICNK


CLIMATE REPORT
NATIONAL WEATHER SERVICE TOPEKA KS
140 AM CDT TUE APR 28 2015


...................................

...THE CONCORDIA KS CLIMATE SUMMARY FOR APRIL 27 2015...

CLIMATE NORMAL PERIOD 1981 TO 2010
CLIMATE RECORD PERIOD 1885 TO 2015


WEATHER ITEM   OBSERVED TIME   RECORD YEAR NORMAL DEPARTURE LAST
                VALUE   (LST)  VALUE       VALUE  FROM      YEAR
                                                  NORMAL
..................................................................
TEMPERATURE (F)
 YESTERDAY
  MAXIMUM         64    523 PM  93    1989  69     -5       79
  MINIMUM         41    535 AM  30    1995  45     -4       53
  AVERAGE         53                        57     -4       66

PRECIPITATION (IN)
  YESTERDAY        0.00          1.71 1986   0.10  -0.10     0.02
  MONTH TO DATE    2.23                      2.16   0.07     0.97
  SINCE MAR 1      2.34                      4.17  -1.83     1.20
  SINCE JAN 1      3.86                      5.54  -1.68     2.39

SNOWFALL (IN)
  YESTERDAY        0.0           T    1955   0.0    0.0      0.0
  MONTH TO DATE    0.0                       0.5   -0.5       T
  SINCE JAN 1      5.6                      13.7   -8.1     16.9
  SINCE JUL 1     11.7                      20.2   -8.5     23.2
  SNOW DEPTH       0

DEGREE DAYS
 HEATING
  YESTERDAY       12                         9      3        0
  MONTH TO DATE  254                       348    -94      292
  SINCE MAR 1    801                      1032   -231     1088
  SINCE JUL 1   5008                      5239   -231     5570

 COOLING
  YESTERDAY        0                         1     -1        1
  MONTH TO DATE    4                        12     -8       25
  SINCE MAR 1      8                        13     -5       25
  SINCE JAN 1      8                        13     -5       25
..................................................................


WIND (MPH)
  HIGHEST WIND SPEED    21   HIGHEST WIND DIRECTION    NE (50)
  HIGHEST GUST SPEED    28   HIGHEST GUST DIRECTION    NE (40)
  AVERAGE WIND SPEED     7.5


SKY COVER
  AVERAGE SKY COVER 0.0


WEATHER CONDITIONS
 THE FOLLOWING WEATHER WAS RECORDED YESTERDAY.
  NO SIGNIFICANT WEATHER WAS OBSERVED.


RELATIVE HUMIDITY (PERCENT)
 HIGHEST    76           700 AM
 LOWEST     32           600 PM
 AVERAGE    54

..........................................................


THE CONCORDIA KS CLIMATE NORMALS FOR TODAY
                         NORMAL    RECORD    YEAR
 MAXIMUM TEMPERATURE (F)   69        94      1910
 MINIMUM TEMPERATURE (F)   46        29      1965


SUNRISE AND SUNSET
APRIL 28 2015.........SUNRISE   636 AM CDT   SUNSET   821 PM CDT
APRIL 29 2015.........SUNRISE   634 AM CDT   SUNSET   822 PM CDT


-  INDICATES NEGATIVE NUMBERS.
R  INDICATES RECORD WAS SET OR TIED.
MM INDICATES DATA IS MISSING.
T  INDICATES TRACE AMOUNT.




$$
