000
CDUS41 KGYX 260814
CLICON


CLIMATE REPORT
NATIONAL WEATHER SERVICE GRAY ME
414 AM EDT SUN APR 26 2015


...................................

...THE CONCORD NH CLIMATE SUMMARY FOR APRIL 25 2015...

CLIMATE NORMAL PERIOD 1981 TO 2010
CLIMATE RECORD PERIOD 1868 TO 2015


WEATHER ITEM   OBSERVED TIME   RECORD YEAR NORMAL DEPARTURE LAST
                VALUE   (LST)  VALUE       VALUE  FROM      YEAR
                                                  NORMAL
..................................................................
TEMPERATURE (F)
 YESTERDAY
  MAXIMUM         53    338 PM  90    2009  62     -9       64
  MINIMUM         33    526 AM  18    1965  36     -3       34
  AVERAGE         43                        49     -6       49

PRECIPITATION (IN)
  YESTERDAY        0.00          1.58 1945   0.11  -0.11     0.00
  MONTH TO DATE    2.23                      2.83  -0.60     1.87
  SINCE MAR 1      3.71                      6.10  -2.39     5.85
  SINCE JAN 1      9.77                     11.42  -1.65    13.17

SNOWFALL (IN)
  YESTERDAY        0.0           6.0  1874   0.0    0.0      0.0
  MONTH TO DATE    2.1                       2.7   -0.6      0.2
  SINCE MAR 1      7.9                      13.8   -5.9     10.6
  SINCE JUL 1     92.1                      61.3   30.8     80.4
  SNOW DEPTH       0

DEGREE DAYS
 HEATING
  YESTERDAY       22                        16      6       16
  MONTH TO DATE  538                       524     14      515
  SINCE MAR 1   1686                      1511    175     1729
  SINCE JUL 1   7140                      6771    369     7198

 COOLING
  YESTERDAY        0                         0      0        0
  MONTH TO DATE    0                         0      0        0
  SINCE MAR 1      0                         0      0        0
  SINCE JAN 1      0                         0      0        0
..................................................................


WIND (MPH)
  RESULTANT WIND SPEED   9   RESULTANT WIND DIRECTION  NW (320)
  HIGHEST WIND SPEED    18   HIGHEST WIND DIRECTION    NW (330)
  HIGHEST GUST SPEED    27   HIGHEST GUST DIRECTION    NW (310)
  AVERAGE WIND SPEED     9.4


SKY COVER
  AVERAGE SKY COVER 0.7


WEATHER CONDITIONS
 THE FOLLOWING WEATHER WAS RECORDED YESTERDAY.
  NO SIGNIFICANT WEATHER WAS OBSERVED.


RELATIVE HUMIDITY (PERCENT)
 HIGHEST    70          1000 PM
 LOWEST     35          1100 AM
 AVERAGE    53

..........................................................


THE CONCORD NH CLIMATE NORMALS FOR TODAY
                         NORMAL    RECORD    YEAR
 MAXIMUM TEMPERATURE (F)   62        85      1915
 MINIMUM TEMPERATURE (F)   36        19      1893


SUNRISE AND SUNSET
APRIL 26 2015.........SUNRISE   547 AM EDT   SUNSET   741 PM EDT
APRIL 27 2015.........SUNRISE   546 AM EDT   SUNSET   742 PM EDT


-  INDICATES NEGATIVE NUMBERS.
R  INDICATES RECORD WAS SET OR TIED.
MM INDICATES DATA IS MISSING.
T  INDICATES TRACE AMOUNT.




$$
