000
CDUS45 KRIW 060735
CLICPR


CLIMATE REPORT
NATIONAL WEATHER SERVICE RIVERTON WY
135 AM MDT WED MAY 6 2015


...................................

...THE CASPER WY CLIMATE SUMMARY FOR MAY 5 2015...

CLIMATE NORMAL PERIOD 1981 TO 2010
CLIMATE RECORD PERIOD 1939 TO 2015


WEATHER ITEM   OBSERVED TIME   RECORD YEAR NORMAL DEPARTURE LAST
                VALUE   (LST)  VALUE       VALUE  FROM      YEAR
                                                  NORMAL
..................................................................
TEMPERATURE (F)
 YESTERDAY
  MAXIMUM         69    341 PM  88    2000  63      6       77
  MINIMUM         33    445 AM  20    2010  34     -1       35
                                      1950
  AVERAGE         51                        49      2       56

PRECIPITATION (IN)
  YESTERDAY        0.00          2.20 2007   0.07  -0.07     0.00
  MONTH TO DATE    0.07                      0.31  -0.24     0.00
  SINCE MAR 1      2.37                      2.42  -0.05     2.79
  SINCE JAN 1      3.68                      3.50   0.18     4.27

SNOWFALL (IN)
  YESTERDAY        0.0                       0.2   -0.2      0.0
  MONTH TO DATE    0.0                       1.0   -1.0      0.0
  SINCE MAR 1     14.0                      23.5   -9.5     24.5
  SINCE JUL 1     65.4                      72.9   -7.5     90.7
  SNOW DEPTH       0

DEGREE DAYS
 HEATING
  YESTERDAY       14                        16     -2        9
  MONTH TO DATE   63                        85    -22       54
  SINCE MAR 1   1464                      1679   -215     1626
  SINCE JUL 1   6515                      7127   -612     7390

 COOLING
  YESTERDAY        0                         0      0        0
  MONTH TO DATE    0                         0      0        0
  SINCE MAR 1      0                         0      0        0
  SINCE JAN 1      0                         0      0        0
..................................................................


WIND (MPH)
  HIGHEST WIND SPEED    20   HIGHEST WIND DIRECTION     E (90)
  HIGHEST GUST SPEED    26   HIGHEST GUST DIRECTION     E (80)
  AVERAGE WIND SPEED     7.1


SKY COVER
  POSSIBLE SUNSHINE  MM
  AVERAGE SKY COVER 0.3


WEATHER CONDITIONS
 THE FOLLOWING WEATHER WAS RECORDED YESTERDAY.
  FOG
  FOG W/VISIBILITY <= 1/4 MILE
  HAZE


RELATIVE HUMIDITY (PERCENT)
 HIGHEST   100           400 AM
 LOWEST     42           300 PM
 AVERAGE    71

..........................................................


THE CASPER WY CLIMATE NORMALS FOR TODAY
                         NORMAL    RECORD    YEAR
 MAXIMUM TEMPERATURE (F)   64        86      1992
                                             1966
 MINIMUM TEMPERATURE (F)   34        20      2010


SUNRISE AND SUNSET
MAY  6 2015...........SUNRISE   554 AM MDT   SUNSET   812 PM MDT
MAY  7 2015...........SUNRISE   552 AM MDT   SUNSET   813 PM MDT


-  INDICATES NEGATIVE NUMBERS.
R  INDICATES RECORD WAS SET OR TIED.
MM INDICATES DATA IS MISSING.
T  INDICATES TRACE AMOUNT.




$$
