000
CDUS42 KFFC 050822
CLICSG


CLIMATE REPORT
NATIONAL WEATHER SERVICE PEACHTREE CITY GA
422 AM EDT TUE MAY 5 2015


...................................

...THE COLUMBUS CLIMATE SUMMARY FOR MAY 4 2015...

CLIMATE NORMAL PERIOD 1981 TO 2010
CLIMATE RECORD PERIOD 1948 TO 2015


WEATHER ITEM   OBSERVED TIME   RECORD YEAR NORMAL DEPARTURE LAST
                VALUE   (LST)  VALUE       VALUE  FROM      YEAR
                                                  NORMAL
..................................................................
TEMPERATURE (F)
 YESTERDAY
  MAXIMUM         82    439 PM  90    1959  81      1       87
                                      1955
  MINIMUM         55    610 AM  40    1971  58     -3       51
  AVERAGE         69                        70     -1       69

PRECIPITATION (IN)
  YESTERDAY        0.00          2.24 1967   0.10  -0.10     0.00
  MONTH TO DATE    0.00                      0.41  -0.41      T
  SINCE MAR 1      8.93                      9.42  -0.49    14.70
  SINCE JAN 1     16.30                     17.71  -1.41    23.02

DEGREE DAYS
 HEATING
  YESTERDAY        0                         1     -1        0
  MONTH TO DATE    2                         4     -2        5
  SINCE MAR 1    202                       339   -137      396
  SINCE JUL 1   2212                      2116     96     2339

 COOLING
  YESTERDAY        4                         5     -1        4
  MONTH TO DATE    6                        20    -14        5
  SINCE MAR 1    155                       120     35       73
  SINCE JAN 1    155                       124     31       76
..................................................................


WIND (MPH)
  HIGHEST WIND SPEED    14   HIGHEST WIND DIRECTION    SE (120)
  HIGHEST GUST SPEED    17   HIGHEST GUST DIRECTION    SE (130)
  AVERAGE WIND SPEED     3.3


SKY COVER
  AVERAGE SKY COVER 0.2


WEATHER CONDITIONS
 THE FOLLOWING WEATHER WAS RECORDED YESTERDAY.
  NO SIGNIFICANT WEATHER WAS OBSERVED.


RELATIVE HUMIDITY (PERCENT)
 HIGHEST    86           300 AM
 LOWEST     30           400 PM
 AVERAGE    58

..........................................................


THE COLUMBUS CLIMATE NORMALS FOR TODAY
                         NORMAL    RECORD    YEAR
 MAXIMUM TEMPERATURE (F)   81        93      1959
 MINIMUM TEMPERATURE (F)   58        43      1973


SUNRISE AND SUNSET
MAY  5 2015...........SUNRISE   650 AM EDT   SUNSET   824 PM EDT
MAY  6 2015...........SUNRISE   649 AM EDT   SUNSET   825 PM EDT


-  INDICATES NEGATIVE NUMBERS.
R  INDICATES RECORD WAS SET OR TIED.
MM INDICATES DATA IS MISSING.
T  INDICATES TRACE AMOUNT.




$$
