000
CDUS45 KTFX 050845
CLICTB


CLIMATE REPORT
NATIONAL WEATHER SERVICE GREAT FALLS MT
244 AM MDT TUE MAY 5 2015


...................................

...THE CUT BANK MT CLIMATE SUMMARY FOR MAY 4 2015...

CLIMATE NORMAL PERIOD 1981 TO 2010
CLIMATE RECORD PERIOD 1903 TO 2015


WEATHER ITEM   OBSERVED TIME   RECORD YEAR NORMAL DEPARTURE LAST
                VALUE   (LST)  VALUE       VALUE  FROM      YEAR
                                                  NORMAL
..................................................................
TEMPERATURE (F)
 YESTERDAY
  MAXIMUM         72    529 PM  81    1992  59     13       55
  MINIMUM         26    435 AM  12    1967  34     -8       36
  AVERAGE         49                        46      3       46

PRECIPITATION (IN)
  YESTERDAY        0.00          1.05 1986   0.04  -0.04     0.11
  MONTH TO DATE    0.00                      0.15  -0.15     0.24
  SINCE OCT 1      3.82                      2.86   0.96     4.94
  SINCE JAN 1      1.29                      1.84  -0.55     3.74

SNOWFALL (IN)
  YESTERDAY       MM
  SNOW DEPTH       0

DEGREE DAYS
 HEATING
  YESTERDAY       16                        19     -3       19
  MONTH TO DATE   61                        77    -16       78
  SINCE MAR 1   1537                      1837   -300     2007
  SINCE JUL 1   7199                      7897   -698     8213

 COOLING
  YESTERDAY        0                         0      0        0
  MONTH TO DATE    0                         0      0        0
  SINCE MAR 1      0                         0      0        0
  SINCE JAN 1      0                         0      0        0
..................................................................


WIND (MPH)
  HIGHEST WIND SPEED    24   HIGHEST WIND DIRECTION     W (250)
  HIGHEST GUST SPEED    28   HIGHEST GUST DIRECTION     W (250)
  AVERAGE WIND SPEED     6.0


SKY COVER
  AVERAGE SKY COVER 0.0


WEATHER CONDITIONS
 THE FOLLOWING WEATHER WAS RECORDED YESTERDAY.
  NO SIGNIFICANT WEATHER WAS OBSERVED.


RELATIVE HUMIDITY (PERCENT)
 HIGHEST    81           500 AM
 LOWEST     11           600 PM
 AVERAGE    46

..........................................................


THE CUT BANK MT CLIMATE NORMALS FOR TODAY
                         NORMAL    RECORD    YEAR
 MAXIMUM TEMPERATURE (F)   59        85      1992
 MINIMUM TEMPERATURE (F)   34        15      1967


SUNRISE AND SUNSET
MAY  5 2015...........SUNRISE   603 AM MDT   SUNSET   850 PM MDT
MAY  6 2015...........SUNRISE   602 AM MDT   SUNSET   851 PM MDT


-  INDICATES NEGATIVE NUMBERS.
R  INDICATES RECORD WAS SET OR TIED.
MM INDICATES DATA IS MISSING.
T  INDICATES TRACE AMOUNT.




$$
