000
CDUS43 KUNR 040834
CLICUT


CLIMATE REPORT
NATIONAL WEATHER SERVICE RAPID CITY SD
232 AM MDT MON MAY 4 2015


...................................

...THE CUSTER COUNTY AIRPORT SD CLIMATE SUMMARY FOR MAY 3 2015...

CLIMATE NORMAL PERIOD 1981 TO 2010
CLIMATE RECORD PERIOD 9999 TO 9999


WEATHER ITEM   OBSERVED TIME   NORMAL DEPARTURE LAST
                VALUE   (LST)  VALUE  FROM      YEAR
                                      NORMAL
......................................................
TEMPERATURE (F)
 YESTERDAY
  MAXIMUM         61    251 PM  57      4       57
  MINIMUM         40    334 AM  32      8       35
  AVERAGE         51            44      7       46

PRECIPITATION (IN)
  YESTERDAY        0.07          0.10  -0.03     0.00
  MONTH TO DATE    0.07          0.30  -0.23      T
  SINCE MAR 1      2.38          3.43  -1.05     3.27
  SINCE JAN 1      2.78          4.29  -1.51     4.60

DEGREE DAYS
 HEATING
  YESTERDAY       14            20     -6       19
  MONTH TO DATE   43            62    -19       57
  SINCE MAR 1   1583          1877   -294     1880
  SINCE JUL 1   7032          7712   -680     7738

 COOLING
  YESTERDAY        0             0      0        0
  MONTH TO DATE    0             0      0        0
  SINCE MAR 1      0             0      0        0
  SINCE JAN 1      0             0      0        0
......................................................


WIND (MPH)
  HIGHEST WIND SPEED    21   HIGHEST WIND DIRECTION     E (80)
  HIGHEST GUST SPEED    28   HIGHEST GUST DIRECTION     N (20)
  AVERAGE WIND SPEED    10.8


SKY COVER
  AVERAGE SKY COVER 0.1


WEATHER CONDITIONS
 THE FOLLOWING WEATHER WAS RECORDED YESTERDAY.
  RAIN


RELATIVE HUMIDITY (PERCENT)
 HIGHEST    60
 LOWEST     37
 AVERAGE    49

..........................................................




SUNRISE AND SUNSET
MAY  4 2015...........SUNRISE   543 AM MDT   SUNSET   800 PM MDT
MAY  5 2015...........SUNRISE   541 AM MDT   SUNSET   802 PM MDT


-  INDICATES NEGATIVE NUMBERS.
R  INDICATES RECORD WAS SET OR TIED.
MM INDICATES DATA IS MISSING.
T  INDICATES TRACE AMOUNT.




$$
