000
CDUS41 KILN 060608
CLICVG


CLIMATE REPORT
NATIONAL WEATHER SERVICE WILMINGTON OH
207 AM EDT WED MAY 6 2015


...................................

...THE CINCINNATI OH CLIMATE SUMMARY FOR MAY 5 2015...

CLIMATE NORMAL PERIOD 1981 TO 2010
CLIMATE RECORD PERIOD 1869 TO 2015


WEATHER ITEM   OBSERVED TIME   RECORD YEAR NORMAL DEPARTURE LAST
                VALUE   (LST)  VALUE       VALUE  FROM      YEAR
                                                  NORMAL
..................................................................
TEMPERATURE (F)
 YESTERDAY
  MAXIMUM         84    205 PM  92    1959  71     13       74
  MINIMUM         56    547 AM  33    1979  50      6       48
                                      1973
  AVERAGE         70                        60     10       61

PRECIPITATION (IN)
  YESTERDAY        0.00          1.96 2013   0.16  -0.16      T
  MONTH TO DATE    0.00                      0.80  -0.80      T
  SINCE MAR 1     11.45                      8.65   2.80     9.07
  SINCE JAN 1     15.60                     14.46   1.14    14.61

SNOWFALL (IN)
  YESTERDAY        0.0           0.1  1992   0.0    0.0      0.0
  MONTH TO DATE    0.0                       0.0    0.0      0.0
  SINCE MAR 1      4.9                       3.5    1.4      3.9
  SINCE JUL 1     29.9                      22.1    7.8     47.5
  SNOW DEPTH       0

DEGREE DAYS
 HEATING
  YESTERDAY        0                         6     -6        4
  MONTH TO DATE   13                        32    -19       41
  SINCE MAR 1    995                      1039    -44     1094
  SINCE JUL 1   5222                      4866    356     5338

 COOLING
  YESTERDAY        5                         1      4        0
  MONTH TO DATE    8                         5      3        0
  SINCE MAR 1     13                        23    -10        7
  SINCE JAN 1     13                        23    -10        7
..................................................................


WIND (MPH)
  RESULTANT WIND SPEED   4   RESULTANT WIND DIRECTION  SW (220)
  HIGHEST WIND SPEED    14   HIGHEST WIND DIRECTION     W (270)
  HIGHEST GUST SPEED    18   HIGHEST GUST DIRECTION     W (280)
  AVERAGE WIND SPEED     4.6


SKY COVER
  POSSIBLE SUNSHINE  MM
  AVERAGE SKY COVER 0.4


WEATHER CONDITIONS
 THE FOLLOWING WEATHER WAS RECORDED YESTERDAY.
  FOG
  HAZE


RELATIVE HUMIDITY (PERCENT)
 HIGHEST    93           600 AM
 LOWEST     36           300 PM
 AVERAGE    65

..........................................................


THE CINCINNATI OH CLIMATE NORMALS FOR TODAY
                         NORMAL    RECORD    YEAR
 MAXIMUM TEMPERATURE (F)   71        89      1930
                                             1902
 MINIMUM TEMPERATURE (F)   50        34      1989
                                             1954
                                             1898


SUNRISE AND SUNSET
MAY  6 2015...........SUNRISE   635 AM EDT   SUNSET   836 PM EDT
MAY  7 2015...........SUNRISE   634 AM EDT   SUNSET   837 PM EDT


-  INDICATES NEGATIVE NUMBERS.
R  INDICATES RECORD WAS SET OR TIED.
MM INDICATES DATA IS MISSING.
T  INDICATES TRACE AMOUNT.




$$
