000
CDUS46 KSGX 070017
CLICZZ


CLIMATE REPORT
NATIONAL WEATHER SERVICE SAN DIEGO, CA
517 PM PDT WED MAY 6 2015


...................................

...THE CAMPO ASOS CA CLIMATE SUMMARY FOR MAY 6 2015...
VALID TODAY AS OF 0500 PM LOCAL TIME.

CLIMATE NORMAL PERIOD 1981 TO 2010
CLIMATE RECORD PERIOD 1948 TO 2015


WEATHER ITEM   OBSERVED TIME   RECORD YEAR NORMAL DEPARTURE LAST
                VALUE   (LST)  VALUE       VALUE  FROM      YEAR
                                                  NORMAL
..................................................................
TEMPERATURE (F)
 TODAY
  MAXIMUM         64    106 PM  95    1989  78    -14       57
  MINIMUM         49    335 AM  25    1975  41      8       45
  AVERAGE         57                        59     -2       51

PRECIPITATION (IN)
  TODAY            0.00          0.68 1995   0.01  -0.01     0.01
  MONTH TO DATE    0.00                      0.08  -0.08     0.01
  SINCE OCT 1      6.62                     14.16  -7.54     5.01
  SINCE JAN 1      2.75                      9.94  -7.19     2.76

SNOWFALL (IN)
  TODAY            0.0
  MONTH TO DATE    0.0
  SINCE MAR 1      0.0
  SINCE JUL 1      0.0
  SNOW DEPTH       0

DEGREE DAYS
 HEATING
  TODAY            8                         6      2       14
  MONTH TO DATE   23                        40    -17       29
  SINCE MAR 1    606                       757   -151      653
  SINCE JUL 1   2242                      2808   -566     2523

 COOLING
  TODAY            0                         1     -1        0
  MONTH TO DATE    2                         1      1        2
  SINCE MAR 1      7                         4      3       12
  SINCE JAN 1      7                         4      3       12
..................................................................


WIND (MPH)
  RESULTANT WIND SPEED  10   RESULTANT WIND DIRECTION  SW (220)
  HIGHEST WIND SPEED    25   HIGHEST WIND DIRECTION    SW (220)
  HIGHEST GUST SPEED    32   HIGHEST GUST DIRECTION    SW (210)
  AVERAGE WIND SPEED    10.5


SKY COVER
  POSSIBLE SUNSHINE  MM
  AVERAGE SKY COVER 0.0



RELATIVE HUMIDITY (PERCENT)
 HIGHEST    86          1200 AM
 LOWEST     44           100 PM
 AVERAGE    65

..........................................................


THE CAMPO ASOS CA CLIMATE NORMALS FOR TOMORROW
                         NORMAL    RECORD    YEAR
 MAXIMUM TEMPERATURE (F)   78        90      1989
 MINIMUM TEMPERATURE (F)   41        29      1975


SUNRISE AND SUNSET
MAY  6 2015...........SUNRISE   555 AM PDT   SUNSET   731 PM PDT
MAY  7 2015...........SUNRISE   554 AM PDT   SUNSET   732 PM PDT


-  INDICATES NEGATIVE NUMBERS.
R  INDICATES RECORD WAS SET OR TIED.
MM INDICATES DATA IS MISSING.
T  INDICATES TRACE AMOUNT.




$$
