000
CDUS41 KRNK 260649
CLIDAN


CLIMATE REPORT
NATIONAL WEATHER SERVICE BLACKSBURG VA
246 AM EDT SUN APR 26 2015


...................................

...THE DANVILLE VA CLIMATE SUMMARY FOR APRIL 25 2015...

CLIMATE NORMAL PERIOD 1981 TO 2010
CLIMATE RECORD PERIOD 1948 TO 2015


WEATHER ITEM   OBSERVED TIME   RECORD YEAR NORMAL DEPARTURE LAST
                VALUE   (LST)  VALUE       VALUE  FROM      YEAR
                                                  NORMAL
..................................................................
TEMPERATURE (F)
 YESTERDAY
  MAXIMUM         52   1244 PM  95    1960  73    -21       74
  MINIMUM         44   1159 PM  33    2012  49     -5       45
                                      1949
  AVERAGE         48                        61    -13

PRECIPITATION (IN)
  YESTERDAY        0.04          2.17 1952   0.12  -0.08     0.06
  MONTH TO DATE    2.62                      2.93  -0.31     3.32
  SINCE MAR 1      4.74                      7.04  -2.30     6.52
  SINCE JAN 1      8.53                     13.47  -4.94    11.64

SNOWFALL (IN)
  YESTERDAY        0.0
  MONTH TO DATE    0.0
  SINCE MAR 1      T
  SINCE JUL 1      9.8
  SNOW DEPTH       0

DEGREE DAYS
 HEATING
  YESTERDAY       17                         5     12
  MONTH TO DATE  129                       207    -78
  SINCE MAR 1    601                       717   -116
  SINCE JUL 1   3695                      3718    -23

 COOLING
  YESTERDAY        0                         1     -1
  MONTH TO DATE   34                        24     10
  SINCE MAR 1     34                        27      7
  SINCE JAN 1     34                        27      7
..................................................................


WIND (MPH)
  HIGHEST WIND SPEED    12   HIGHEST WIND DIRECTION    NE (30)
  HIGHEST GUST SPEED    15   HIGHEST GUST DIRECTION     E (100)
  AVERAGE WIND SPEED     6.0


SKY COVER
  POSSIBLE SUNSHINE  MM
  AVERAGE SKY COVER 0.9


WEATHER CONDITIONS
 THE FOLLOWING WEATHER WAS RECORDED YESTERDAY.
  LIGHT RAIN
  FOG


RELATIVE HUMIDITY (PERCENT)
 HIGHEST    93           600 PM
 LOWEST     50           600 AM
 AVERAGE    72

..........................................................


THE DANVILLE VA CLIMATE NORMALS FOR TODAY
                         NORMAL    RECORD    YEAR
 MAXIMUM TEMPERATURE (F)   73        95      1960
 MINIMUM TEMPERATURE (F)   49        36      2013
                                             1981


SUNRISE AND SUNSET
APRIL 26 2015.........SUNRISE   630 AM EDT   SUNSET   801 PM EDT
APRIL 27 2015.........SUNRISE   629 AM EDT   SUNSET   802 PM EDT


-  INDICATES NEGATIVE NUMBERS.
R  INDICATES RECORD WAS SET OR TIED.
MM INDICATES DATA IS MISSING.
T  INDICATES TRACE AMOUNT.

REMARKS:
DUE TO EQUIPMENT FAILURE RESULTING IN MISSING TEMPERATURE DATA ON
FEBRUARY 15...THE SEASONAL TOTAL AND DEPARTURE FROM NORMAL FOR HDD
WILL BE CALCULATED WITHOUT DATA FROM THIS DATE. ALSO...DUE TO A
TIPPING BUCKET FAILURE RESULTING IN MISSING PRECIPITATION DATA ON
MARCH 14 AND 19-20...THE SEASONAL AND ANNUAL TOTALS AND DEPARTURES
FROM NORMAL FOR PRECIPITATION WILL BE CALCULATED WITHOUT DATA FROM
THOSE DATES.

$$
