000
CDUS41 KALY 250622
CLIDDH


CLIMATE REPORT
NATIONAL WEATHER SERVICE ALBANY NY
221 AM EDT SAT APR 25 2015


...................................

...THE BENNINGTON VT CLIMATE SUMMARY FOR APRIL 24 2015...

CLIMATE NORMAL PERIOD 1981 TO 2010
CLIMATE RECORD PERIOD 9999 TO 9999


WEATHER ITEM   OBSERVED TIME   NORMAL DEPARTURE LAST
                VALUE   (LST)  VALUE  FROM      YEAR
                                      NORMAL
......................................................
TEMPERATURE (F)
 YESTERDAY
  MAXIMUM         40   1203 PM  60    -20       54
  MINIMUM         32    615 AM  37     -5       33
  AVERAGE         36            49    -13       44

PRECIPITATION (IN)
  YESTERDAY        0.00          0.09  -0.09     0.00
  MONTH TO DATE    2.04          2.63  -0.59     1.08
  SINCE MAR 1      3.18          5.78  -2.60     3.23
  SINCE JAN 1      6.59         10.77  -4.18     9.09

DEGREE DAYS
 HEATING
  YESTERDAY       29            16     13       21
  MONTH TO DATE  507           496     11      473
  SINCE MAR 1   1678          1480    198     1631
  SINCE JUL 1   7180          6731    449     6879

 COOLING
  YESTERDAY        0             0      0        0
  MONTH TO DATE    0             0      0        4
  SINCE MAR 1      0             0      0        4
  SINCE JAN 1      0             0      0        4
......................................................


WIND (MPH)
  HIGHEST WIND SPEED    18   HIGHEST WIND DIRECTION     W (270)
  HIGHEST GUST SPEED    26   HIGHEST GUST DIRECTION     N (340)
  AVERAGE WIND SPEED    11.0


SKY COVER
  AVERAGE SKY COVER 1.0



RELATIVE HUMIDITY (PERCENT)
 HIGHEST    72           600 AM
 LOWEST     44          1100 AM
 AVERAGE    58

..........................................................


THE BENNINGTON VT CLIMATE NORMALS FOR TODAY
                         NORMAL
 MAXIMUM TEMPERATURE (F)   61
 MINIMUM TEMPERATURE (F)   38


SUNRISE AND SUNSET
APRIL 25 2015.........SUNRISE   556 AM EDT   SUNSET   747 PM EDT
APRIL 26 2015.........SUNRISE   555 AM EDT   SUNSET   748 PM EDT


-  INDICATES NEGATIVE NUMBERS.
R  INDICATES RECORD WAS SET OR TIED.
MM INDICATES DATA IS MISSING.
T  INDICATES TRACE AMOUNT.




$$
