000
CDUS44 KAMA 242131
CLIDHT


CLIMATE REPORT
NATIONAL WEATHER SERVICE AMARILLO TX
430 PM CDT FRI APR 24 2015


...................................

...THE DALHART CLIMATE SUMMARY FOR APRIL 24 2015...
VALID TODAY AS OF 0400 PM LOCAL TIME.

CLIMATE NORMAL PERIOD 1981 TO 2010
CLIMATE RECORD PERIOD 1894 TO 2015


WEATHER ITEM   OBSERVED TIME   RECORD YEAR NORMAL DEPARTURE LAST
                VALUE   (LST)  VALUE       VALUE  FROM      YEAR
                                                  NORMAL
..................................................................
TEMPERATURE (F)
 TODAY
  MAXIMUM         75    121 PM  94    2012  72      3       71
  MINIMUM         47    326 AM  17    2013  41      6       44
  AVERAGE         61                        56      5       58

PRECIPITATION (IN)
  TODAY            0.00          1.11 1997   0.05  -0.05      T
  MONTH TO DATE    0.53                      0.82  -0.29     0.11
  SINCE MAR 1      0.61                      1.99  -1.38     0.20
  SINCE JAN 1      3.92                      2.91   1.01     0.29

SNOWFALL (IN)
  TODAY            0.0           0.0    MM   0.0    0.0      0.0
  MONTH TO DATE    0.0                       1.1   -1.1      1.0
  SINCE MAR 1      0.8                       5.3   -4.5      2.1
  SINCE JUL 1     34.1                      18.8   15.3     17.4
  SNOW DEPTH       0

DEGREE DAYS
 HEATING
  TODAY            4                         9     -5        7
  MONTH TO DATE  189                       298   -109      263
  SINCE MAR 1    672                       909   -237      852
  SINCE JUL 1   3965                      4552   -587     4446

 COOLING
  TODAY            0                         0      0        0
  MONTH TO DATE    1                         0      1       12
  SINCE MAR 1      1                         0      1       12
  SINCE JAN 1      1                         0      1       12
..................................................................


WIND (MPH)
  RESULTANT WIND SPEED  12   RESULTANT WIND DIRECTION  SW (220)
  HIGHEST WIND SPEED    41   HIGHEST WIND DIRECTION    SW (240)
  HIGHEST GUST SPEED    52   HIGHEST GUST DIRECTION    SW (240)
  AVERAGE WIND SPEED    14.7


SKY COVER
  AVERAGE SKY COVER 0.1


WEATHER CONDITIONS
 THE FOLLOWING WEATHER WAS RECORDED TODAY.
  HAZE


RELATIVE HUMIDITY (PERCENT)
 HIGHEST    77          1200 AM
 LOWEST     25          1100 AM
 AVERAGE    51

..........................................................


THE DALHART CLIMATE NORMALS FOR TOMORROW
                         NORMAL    RECORD    YEAR
 MAXIMUM TEMPERATURE (F)   72        96      2012
 MINIMUM TEMPERATURE (F)   41        28      1950


SUNRISE AND SUNSET
APRIL 24 2015.........SUNRISE   706 AM CDT   SUNSET   831 PM CDT
APRIL 25 2015.........SUNRISE   705 AM CDT   SUNSET   832 PM CDT


-  INDICATES NEGATIVE NUMBERS.
R  INDICATES RECORD WAS SET OR TIED.
MM INDICATES DATA IS MISSING.
T  INDICATES TRACE AMOUNT.




$$
