000
CDUS41 KLWX 050523
CLIDMH


CLIMATE REPORT
NATIONAL WEATHER SERVICE BALTIMORE MD/WASHINGTON DC
122 AM EDT TUE MAY 5 2015


...................................

...THE BALTIMORE INNER HARBOR MD CLIMATE SUMMARY FOR MAY 4 2015...

CLIMATE NORMAL PERIOD 1981 TO 2010
CLIMATE RECORD PERIOD 9999 TO 9999


WEATHER ITEM   OBSERVED TIME   RECORD YEAR NORMAL DEPARTURE LAST
                VALUE   (LST)  VALUE       VALUE  FROM      YEAR
                                                  NORMAL
..................................................................
TEMPERATURE (F)
 YESTERDAY
  MAXIMUM         86    403 PM  MM      MM  72     14       76
  MINIMUM         58    519 AM  MM      MM  53      5       53
  AVERAGE         72                        62     10       65

PRECIPITATION (IN)
  YESTERDAY        0.00         MM      MM   0.10  -0.10     0.00
  MONTH TO DATE    0.00                      0.42  -0.42     0.22
  SINCE MAR 1      7.39                      7.50  -0.11    13.72
  SINCE JAN 1     13.21                     13.02   0.19    20.05

DEGREE DAYS
 HEATING
  YESTERDAY        0                         4     -4        0
  MONTH TO DATE   12                        18     -6        2
  SINCE MAR 1    846                       875    -29     1021
  SINCE JUL 1   4360                      3963    397     4091

 COOLING
  YESTERDAY        7                         2      5        0
  MONTH TO DATE   12                         7      5        4
  SINCE MAR 1     21                        32    -11       18
  SINCE JAN 1     21                        32    -11       18
..................................................................


WIND (MPH)
  HIGHEST WIND SPEED    MM   HIGHEST WIND DIRECTION    MM
  HIGHEST GUST SPEED    MM   HIGHEST GUST DIRECTION    MM
  AVERAGE WIND SPEED    MM


SKY COVER
  POSSIBLE SUNSHINE  MM



RELATIVE HUMIDITY (PERCENT)
 HIGHEST    72           500 AM
 LOWEST     19           100 PM
 AVERAGE    46

..........................................................


THE BALTIMORE INNER HARBOR MD CLIMATE NORMALS FOR TODAY
                         NORMAL
 MAXIMUM TEMPERATURE (F)   72
 MINIMUM TEMPERATURE (F)   53


SUNRISE AND SUNSET
MAY  5 2015...........SUNRISE   603 AM EDT   SUNSET   803 PM EDT
MAY  6 2015...........SUNRISE   602 AM EDT   SUNSET   804 PM EDT


-  INDICATES NEGATIVE NUMBERS.
R  INDICATES RECORD WAS SET OR TIED.
MM INDICATES DATA IS MISSING.
T  INDICATES TRACE AMOUNT.




$$
