000
CDUS43 KEAX 210633
CLIDMO


CLIMATE REPORT
NATIONAL WEATHER SERVICE KANSAS CITY/PLEASANT HILL MO
133 AM CDT TUE APR 21 2015


...................................

...THE SEDALIA MO CLIMATE SUMMARY FOR APRIL 20 2015...

CLIMATE NORMAL PERIOD 1981 TO 2010
CLIMATE RECORD PERIOD 9999 TO 9999


WEATHER ITEM   OBSERVED TIME   NORMAL DEPARTURE LAST
                VALUE   (LST)  VALUE  FROM      YEAR
                                      NORMAL
......................................................
TEMPERATURE (F)
 YESTERDAY
  MAXIMUM         59    405 PM  69    -10       80
  MINIMUM         46    623 AM  48     -2       56
  AVERAGE         53            58     -5       68

PRECIPITATION (IN)
  YESTERDAY        0.00          0.16  -0.16     0.00
  MONTH TO DATE    3.66          2.47   1.19     5.42
  SINCE MAR 1      4.79          5.08  -0.29     6.35
  SINCE JAN 1      6.87          8.68  -1.81     7.29

DEGREE DAYS
 HEATING
  YESTERDAY       12             8      4        0
  MONTH TO DATE  111           215   -104      236
  SINCE MAR 1    651           800   -149      930
  SINCE JUL 1   4499          4417     82     5149

 COOLING
  YESTERDAY        0             1     -1        3
  MONTH TO DATE   16            19     -3        9
  SINCE MAR 1     17            22     -5        9
  SINCE JAN 1     17            22     -5        9
......................................................


WIND (MPH)
  HIGHEST WIND SPEED    25   HIGHEST WIND DIRECTION     W (280)
  HIGHEST GUST SPEED    34   HIGHEST GUST DIRECTION    NW (300)
  AVERAGE WIND SPEED    13.8


SKY COVER
  AVERAGE SKY COVER 0.4


WEATHER CONDITIONS
 THE FOLLOWING WEATHER WAS RECORDED YESTERDAY.
  NO SIGNIFICANT WEATHER WAS OBSERVED.


RELATIVE HUMIDITY (PERCENT)
 HIGHEST    89          1200 AM
 LOWEST     33           500 PM
 AVERAGE    61

..........................................................


THE SEDALIA MO CLIMATE NORMALS FOR TODAY
                         NORMAL
 MAXIMUM TEMPERATURE (F)   69
 MINIMUM TEMPERATURE (F)   48


SUNRISE AND SUNSET
APRIL 21 2015.........SUNRISE   628 AM CDT   SUNSET   755 PM CDT
APRIL 22 2015.........SUNRISE   627 AM CDT   SUNSET   756 PM CDT


-  INDICATES NEGATIVE NUMBERS.
R  INDICATES RECORD WAS SET OR TIED.
MM INDICATES DATA IS MISSING.
T  INDICATES TRACE AMOUNT.




$$
