000
CDUS45 KTWC 190731
CLIDUG

CLIMATE REPORT
NATIONAL WEATHER SERVICE TUCSON AZ
1229 AM MST SUN APR 19 2015


...................................

...THE DOUGLAS AZ CLIMATE SUMMARY FOR APRIL 18 2015...

CLIMATE NORMAL PERIOD 1981 TO 2010
CLIMATE RECORD PERIOD 1948 TO 2015


WEATHER ITEM   OBSERVED TIME   RECORD YEAR NORMAL DEPARTURE LAST
                VALUE   (LST)  VALUE       VALUE  FROM      YEAR
                                                  NORMAL
..................................................................
TEMPERATURE (F)
 YESTERDAY
  MAXIMUM         75    417 PM  93    1989  80     -5       74
  MINIMUM         34    404 AM  26    1976  44    -10       51
  AVERAGE         55                        62     -7       63

PRECIPITATION (IN)
  YESTERDAY        0.00          0.18 1970   0.01  -0.01    MM
  MONTH TO DATE    0.35                      0.13   0.22     0.00
  SINCE OCT 1      4.75                      4.57   0.18     1.26
  SINCE JAN 1      2.78                      2.02   0.76     0.44

DEGREE DAYS
 HEATING
  YESTERDAY       10                         4      6        2
  MONTH TO DATE   86                       104    -18       90
  SINCE MAR 1    324                       429   -105      340
  SINCE JUL 1   2162                      2465   -303     2304

 COOLING
  YESTERDAY        0                         1     -1        0
  MONTH TO DATE    0                         6     -6        7
  SINCE MAR 1      4                         7     -3        7
  SINCE JAN 1      4                         7     -3        7
..................................................................


WIND (MPH)
  HIGHEST WIND SPEED    25   HIGHEST WIND DIRECTION    NW (310)
  HIGHEST GUST SPEED    31   HIGHEST GUST DIRECTION    NW (310)
  AVERAGE WIND SPEED     9.2


SKY COVER
  POSSIBLE SUNSHINE  MM
  AVERAGE SKY COVER 0.0


WEATHER CONDITIONS
 THE FOLLOWING WEATHER WAS RECORDED YESTERDAY.
  NO SIGNIFICANT WEATHER WAS OBSERVED.


RELATIVE HUMIDITY (PERCENT)
 HIGHEST    52
 LOWEST     12
 AVERAGE    32

..........................................................


THE DOUGLAS AZ CLIMATE NORMALS FOR TODAY
                         NORMAL    RECORD    YEAR
 MAXIMUM TEMPERATURE (F)   81        95      1989
 MINIMUM TEMPERATURE (F)   44        28      1963


SUNRISE AND SUNSET
APRIL 19 2015.........SUNRISE   546 AM MST   SUNSET   650 PM MST
APRIL 20 2015.........SUNRISE   545 AM MST   SUNSET   650 PM MST


-  INDICATES NEGATIVE NUMBERS.
R  INDICATES RECORD WAS SET OR TIED.
MM INDICATES DATA IS MISSING.
T  INDICATES TRACE AMOUNT.




$$
