000
CDUS42 KAKQ 040550
CLIECG


CLIMATE REPORT
NATIONAL WEATHER SERVICE WAKEFIELD, VA
150 AM EDT MON MAY 4 2015


...................................

...THE ELIZABETH CITY NC CLIMATE SUMMARY FOR MAY 3 2015...

CLIMATE NORMAL PERIOD 1981 TO 2010
CLIMATE RECORD PERIOD 1934 TO 2015


WEATHER ITEM   OBSERVED TIME   RECORD YEAR NORMAL DEPARTURE LAST
                VALUE   (LST)  VALUE       VALUE  FROM      YEAR
                                                  NORMAL
..................................................................
TEMPERATURE (F)
 YESTERDAY
  MAXIMUM         78    326 PM  91    1965  74      4       74
  MINIMUM         47    517 AM  40    1988  53     -6       55
  AVERAGE         63                        63      0       65

PRECIPITATION (IN)
  YESTERDAY        0.00          2.24 1972   0.10  -0.10     0.00
  MONTH TO DATE    0.01                      0.30  -0.29     0.09
  SINCE MAR 1      7.09                      7.42  -0.33     8.58
  SINCE JAN 1     13.89                     13.86   0.03    12.72

SNOWFALL (IN)
  YESTERDAY        0.0           0.0  2002  MM     MM
  MONTH TO DATE    0.0                      MM     MM
  SINCE NOV 1      T                        MM     MM
  SINCE JUL 1      T                        MM     MM
  SNOW DEPTH       0

DEGREE DAYS
 HEATING
  YESTERDAY        2                         4     -2        0
  MONTH TO DATE   20                        12      8        1
  SINCE MAR 1    692                       701     -9      739
  SINCE JUL 1   3226                      3173     53     3314

 COOLING
  YESTERDAY        0                         2     -2        0
  MONTH TO DATE    0                         6     -6        7
  SINCE MAR 1     33                        46    -13       36
  SINCE JAN 1     35                        48    -13       36
..................................................................


WIND (MPH)
  HIGHEST WIND SPEED    14   HIGHEST WIND DIRECTION     S (200)
  HIGHEST GUST SPEED    17   HIGHEST GUST DIRECTION     W (270)
  AVERAGE WIND SPEED     7.3


SKY COVER
  POSSIBLE SUNSHINE  MM
  AVERAGE SKY COVER 0.1


WEATHER CONDITIONS
 THE FOLLOWING WEATHER WAS RECORDED YESTERDAY.
  FOG


RELATIVE HUMIDITY (PERCENT)
 HIGHEST    93           100 AM
 LOWEST     32           300 PM
 AVERAGE    63

..........................................................


THE ELIZABETH CITY NC CLIMATE NORMALS FOR TODAY
                         NORMAL    RECORD    YEAR
 MAXIMUM TEMPERATURE (F)   74        92      1938
 MINIMUM TEMPERATURE (F)   53        37      1941


SUNRISE AND SUNSET
MAY  4 2015...........SUNRISE   609 AM EDT   SUNSET   755 PM EDT
MAY  5 2015...........SUNRISE   608 AM EDT   SUNSET   756 PM EDT


-  INDICATES NEGATIVE NUMBERS.
R  INDICATES RECORD WAS SET OR TIED.
MM INDICATES DATA IS MISSING.
T  INDICATES TRACE AMOUNT.




$$
