000
CDUS46 KEKA 041211
CLIEKA


CLIMATE REPORT
NATIONAL WEATHER SERVICE EUREKA CA
509 AM PDT MON MAY 4 2015


...................................

...THE EUREKA CA CLIMATE SUMMARY FOR MAY 3 2015...

CLIMATE NORMAL PERIOD 1981 TO 2010
CLIMATE RECORD PERIOD 1886 TO 2015


WEATHER ITEM   OBSERVED RECORD YEAR NORMAL DEPARTURE LAST
                VALUE   VALUE       VALUE  FROM      YEAR
                                           NORMAL
...........................................................
TEMPERATURE (F)
 YESTERDAY
  MAXIMUM         53     73    1989  59     -6       63
  MINIMUM         48     39    1950  46      2       51
                               1894
  AVERAGE         51                 52     -1       57

PRECIPITATION (IN)
  YESTERDAY        0.00   1.24 1896   0.08  -0.08     0.00
  MONTH TO DATE    0.00               0.23  -0.23     0.00
  SINCE OCT 1     30.56              36.95  -6.39    16.96
  SINCE JAN 1     12.18              20.98  -8.80    15.06

SNOWFALL (IN)
  YESTERDAY        0.0    0.0  2002   0.0    0.0      0.0
                               2001
  MONTH TO DATE    0.0                0.0    0.0      0.0
  SINCE MAR 1      T                  T      0.0      0.0
  SINCE JUL 1      T                  0.2   -0.2       T
  SNOW DEPTH       0

DEGREE DAYS
 HEATING
  YESTERDAY       14                 13      1        8
  MONTH TO DATE   42                 39      3       20
  SINCE MAR 1    862                938    -76      809
  SINCE JUL 1   3017               3860   -843     3900

 COOLING
  YESTERDAY        0                  0      0        0
  MONTH TO DATE    0                  0      0        0
  SINCE MAR 1      0                  0      0        0
  SINCE JAN 1      0                  0      0        0
...........................................................


WIND (MPH)
  HIGHEST WIND SPEED     9   HIGHEST WIND DIRECTION     S (180)
  HIGHEST GUST SPEED    14   HIGHEST GUST DIRECTION    MM
  AVERAGE WIND SPEED     4.3


SKY COVER
  AVERAGE SKY COVER 1.0


WEATHER CONDITIONS
 THE FOLLOWING WEATHER WAS RECORDED YESTERDAY.
  FOG


..........................................................


THE EUREKA CA CLIMATE NORMALS FOR TODAY
                         NORMAL    RECORD    YEAR
 MAXIMUM TEMPERATURE (F)   59        76      1990
 MINIMUM TEMPERATURE (F)   46        39      2010
                                             2002
                                             1975


SUNRISE AND SUNSET
MAY  4 2015...........SUNRISE   612 AM PDT   SUNSET   816 PM PDT
MAY  5 2015...........SUNRISE   610 AM PDT   SUNSET   817 PM PDT


-  INDICATES NEGATIVE NUMBERS.
R  INDICATES RECORD WAS SET OR TIED.
MM INDICATES DATA IS MISSING.
T  INDICATES TRACE AMOUNT.




&&

..........................................................

TOTAL SEASON     NORMAL   % OF NORMAL     LAST SEASON

    30.56         36.95        83            16.96


$$
