000
CDUS45 KLKN 040032
CLIEKO


CLIMATE REPORT
NATIONAL WEATHER SERVICE ELKO NV
531 PM PDT SUN MAY 3 2015


...................................

...THE ELKO AIRPORT NV CLIMATE SUMMARY FOR MAY 3 2015...
VALID TODAY AS OF 0500 PM LOCAL TIME.

CLIMATE NORMAL PERIOD 1981 TO 2010
CLIMATE RECORD PERIOD 1888 TO 2015


WEATHER ITEM   OBSERVED TIME   RECORD YEAR NORMAL DEPARTURE LAST
                VALUE   (LST)  VALUE       VALUE  FROM      YEAR
                                                  NORMAL
..................................................................
TEMPERATURE (F)
 TODAY
  MAXIMUM         78    101 PM  87    1947  65     13       78
  MINIMUM         49    456 AM  11    1964  35     14       40
  AVERAGE         64                        50     14       59

PRECIPITATION (IN)
  TODAY            T             0.50 1895   0.03  -0.03     0.00
  MONTH TO DATE    T                         0.10  -0.10     0.00
  SINCE OCT 1      3.62                      7.09  -3.47     6.24
  SINCE JAN 1      1.38                      4.03  -2.65     4.63

SNOWFALL (IN)
  TODAY            0.0           3.7  1975   0.0    0.0      0.0
  MONTH TO DATE    0.0                       0.1   -0.1      0.0
  SINCE MAR 1      2.9                       8.4   -5.5      7.9
  SINCE JUL 1     12.3                      40.9  -28.6     20.2
  SNOW DEPTH       0

DEGREE DAYS
 HEATING
  TODAY            1                        15    -14        6
  MONTH TO DATE   11                        47    -36       26
  SINCE MAR 1   1219                      1450   -231     1370
  SINCE JUL 1   5227                      6618  -1391     6101

 COOLING
  TODAY            0                         0      0        0
  MONTH TO DATE    0                         0      0        0
  SINCE MAR 1      0                         0      0        0
  SINCE JAN 1      0                         0      0        0
..................................................................


WIND (MPH)
  HIGHEST WIND SPEED    28   HIGHEST WIND DIRECTION     S (170)
  HIGHEST GUST SPEED    36   HIGHEST GUST DIRECTION     S (160)



WEATHER CONDITIONS
 THE FOLLOWING WEATHER WAS RECORDED TODAY.
  THUNDERSTORM


RELATIVE HUMIDITY (PERCENT)
 HIGHEST    61           500 AM
 LOWEST     15           100 PM
 AVERAGE    38

..........................................................


THE ELKO AIRPORT NV CLIMATE NORMALS FOR TOMORROW
                         NORMAL    RECORD    YEAR
 MAXIMUM TEMPERATURE (F)   65        87      1918
 MINIMUM TEMPERATURE (F)   35        16      1899


SUNRISE AND SUNSET
MAY  3 2015...........SUNRISE   539 AM PDT   SUNSET   741 PM PDT
MAY  4 2015...........SUNRISE   538 AM PDT   SUNSET   742 PM PDT


-  INDICATES NEGATIVE NUMBERS.
R  INDICATES RECORD WAS SET OR TIED.
MM INDICATES DATA IS MISSING.
T  INDICATES TRACE AMOUNT.




$$
