000
CDUS43 KTOP 042134
CLIEMP


CLIMATE REPORT
NATIONAL WEATHER SERVICE TOPEKA KS
433 PM CDT MON MAY 4 2015


...................................

...THE EMPORIA KS CLIMATE SUMMARY FOR MAY 4 2015...
VALID TODAY AS OF 430 PM LOCAL TIME.

CLIMATE NORMAL PERIOD 1981 TO 2010
CLIMATE RECORD PERIOD 9999 TO 9999


WEATHER ITEM   OBSERVED NORMAL DEPARTURE LAST
                VALUE   VALUE  FROM      YEAR
                               NORMAL
...............................................
TEMPERATURE (F)
 TODAY
  MAXIMUM         83     73     10       94
  MINIMUM         61     51     10       55
  AVERAGE         72     62     10       75

PRECIPITATION (IN)
  TODAY            0.00   0.17  -0.17     0.00
  MONTH TO DATE    T      0.69  -0.69     0.00
  SINCE MAR 1      4.89   6.60  -1.71     2.06
  SINCE JAN 1      6.29   8.46  -2.17     2.55

DEGREE DAYS
 HEATING
  TODAY            0      4     -4        0
  MONTH TO DATE    5     19    -14       30
  SINCE MAR 1    765    926   -161     1086
  SINCE JUL 1   4766   4748     18     5411

 COOLING
  TODAY            7      1      6       10
  MONTH TO DATE   16      4     12       10
  SINCE MAR 1     22     27     -5       28
  SINCE JAN 1     22     27     -5       28
...............................................


WIND (MPH)
  HIGHEST WIND SPEED    22   HIGHEST WIND DIRECTION     S (170)
  HIGHEST GUST SPEED    28   HIGHEST GUST DIRECTION     S (160)
  AVERAGE WIND SPEED    14.0



WEATHER CONDITIONS
 THE FOLLOWING WEATHER WAS RECORDED TODAY.
  THUNDERSTORM


RELATIVE HUMIDITY (PERCENT)
 HIGHEST    84
 LOWEST     47
 AVERAGE    66

..........................................................


THE EMPORIA KS CLIMATE NORMALS FOR TOMORROW
                         NORMAL
 MAXIMUM TEMPERATURE (F)   73
 MINIMUM TEMPERATURE (F)   51


SUNRISE AND SUNSET
MAY  4 2015...........SUNRISE   625 AM CDT   SUNSET   819 PM CDT
MAY  5 2015...........SUNRISE   624 AM CDT   SUNSET   820 PM CDT


-  INDICATES NEGATIVE NUMBERS.
R  INDICATES RECORD WAS SET OR TIED.
MM INDICATES DATA IS MISSING.
T  INDICATES TRACE AMOUNT.




$$
