000
CDUS45 KSLC 061241
CLIEVW


CLIMATE REPORT
NATIONAL WEATHER SERVICE SALT LAKE CITY UT
641 AM MDT WED MAY 6 2015


...................................

...THE EVANSTON WY CLIMATE SUMMARY FOR MAY 5 2015...

CLIMATE NORMAL PERIOD 1981 TO 2010
CLIMATE RECORD PERIOD 9999 TO 9999


WEATHER ITEM   OBSERVED TIME   RECORD YEAR NORMAL DEPARTURE LAST
                VALUE   (LST)  VALUE       VALUE  FROM      YEAR
                                                  NORMAL
..................................................................
TEMPERATURE (F)
 YESTERDAY
  MAXIMUM         59   1204 PM  MM      MM  57      2       68
  MINIMUM         40    536 AM  MM      MM  34      6       44
  AVERAGE         50                        45      5       56

PRECIPITATION (IN)
  YESTERDAY        0.25         MM      MM   0.06   0.19     0.00
  MONTH TO DATE    0.46                      0.29   0.17     0.00
  SINCE OCT 1      3.36                      6.24  -2.88     1.53
  SINCE JAN 1      2.48                      3.45  -0.97     0.33

DEGREE DAYS
 HEATING
  YESTERDAY       15                        20     -5        9
  MONTH TO DATE   56                       102    -46       55
  SINCE MAR 1   1509                      1931   -422     1744
  SINCE JUL 1   6481                      7939  -1458     7394

 COOLING
  YESTERDAY        0                         0      0        0
  MONTH TO DATE    0                         0      0        0
  SINCE MAR 1      0                         0      0        0
  SINCE JAN 1      0                         0      0        0
..................................................................


WIND (MPH)
  RESULTANT WIND SPEED   0   RESULTANT WIND DIRECTION  SW (210)
  HIGHEST WIND SPEED    17   HIGHEST WIND DIRECTION     S (180)
  HIGHEST GUST SPEED    24   HIGHEST GUST DIRECTION     S (160)
  AVERAGE WIND SPEED     4.7


SKY COVER
  POSSIBLE SUNSHINE  MM
  AVERAGE SKY COVER 0.8


WEATHER CONDITIONS
 THE FOLLOWING WEATHER WAS RECORDED YESTERDAY.
  THUNDERSTORM
  HEAVY RAIN
  RAIN
  LIGHT RAIN
  FOG


RELATIVE HUMIDITY (PERCENT)
 HIGHEST    92          1000 PM
 LOWEST     51          1100 AM
 AVERAGE    72

..........................................................


THE EVANSTON WY CLIMATE NORMALS FOR TODAY
                         NORMAL    RECORD    YEAR
 MAXIMUM TEMPERATURE (F)   57        MM        MM
 MINIMUM TEMPERATURE (F)   34        MM        MM


SUNRISE AND SUNSET
MAY  6 2015...........SUNRISE   616 AM MDT   SUNSET   827 PM MDT
MAY  7 2015...........SUNRISE   614 AM MDT   SUNSET   828 PM MDT


-  INDICATES NEGATIVE NUMBERS.
R  INDICATES RECORD WAS SET OR TIED.
MM INDICATES DATA IS MISSING.
T  INDICATES TRACE AMOUNT.




$$
