000
CDUS42 KKEY 210541
CLIEYW

CLIMATE REPORT
NATIONAL WEATHER SERVICE KEY WEST, FL
131 AM EDT TUE APR 21 2015


...................................

...THE KEY WEST CLIMATE SUMMARY FOR APRIL 20 2015...

CLIMATE NORMAL PERIOD 1981 TO 2010
CLIMATE RECORD PERIOD 1871 TO 2015


WEATHER ITEM   OBSERVED TIME   RECORD YEAR NORMAL DEPARTURE LAST
                VALUE   (LST)  VALUE       VALUE  FROM      YEAR
                                                  NORMAL
..................................................................
TEMPERATURE (F)
 YESTERDAY
  MAXIMUM         85    546 PM  89    1877  82      3       77
  MINIMUM         80    703 AM  61    1997  72      8       72
  AVERAGE         83                        77      6       75

PRECIPITATION (IN)
  YESTERDAY        0.00          2.60 1930   0.08  -0.08     0.00
  MONTH TO DATE    0.11                      1.41  -1.30     0.56
  SINCE MAR 1      1.59                      3.46  -1.87     4.34
  SINCE JAN 1      4.82                      6.99  -2.17    11.94

SNOWFALL (IN)
  YESTERDAY        0.0
  MONTH TO DATE    0.0
  SINCE MAR 1      0.0
  SINCE JUL 1      0.0
  SNOW DEPTH       0

DEGREE DAYS
 HEATING
  YESTERDAY        0                         0      0        0
  MONTH TO DATE    0                         0      0        0
  SINCE MAR 1      0                         7     -7        0
  SINCE JUL 1     27                        73    -46       22

 COOLING
  YESTERDAY       18                        12      6       10
  MONTH TO DATE  303                       217     86      248
  SINCE MAR 1    675                       479    196      525
  SINCE JAN 1   1033                       827    206      951
..................................................................


WIND (MPH)
  HIGHEST WIND SPEED    14   HIGHEST WIND DIRECTION     S (180)
  HIGHEST GUST SPEED    17   HIGHEST GUST DIRECTION     S (180)
  AVERAGE WIND SPEED     7.8


SKY COVER
  POSSIBLE SUNSHINE  MM
  AVERAGE SKY COVER 0.1


WEATHER CONDITIONS
 THE FOLLOWING WEATHER WAS RECORDED YESTERDAY.
  NO SIGNIFICANT WEATHER WAS OBSERVED.


RELATIVE HUMIDITY (PERCENT)
 HIGHEST    91
 LOWEST     70
 AVERAGE    81

..........................................................


THE KEY WEST CLIMATE NORMALS FOR TODAY
                         NORMAL    RECORD    YEAR
 MAXIMUM TEMPERATURE (F)   82        89      1884
 MINIMUM TEMPERATURE (F)   72        63      1987


SUNRISE AND SUNSET
APRIL 21 2015.........SUNRISE   700 AM EDT   SUNSET   752 PM EDT
APRIL 22 2015.........SUNRISE   659 AM EDT   SUNSET   752 PM EDT


-  INDICATES NEGATIVE NUMBERS.
R  INDICATES RECORD WAS SET OR TIED.
MM INDICATES DATA IS MISSING.
T  INDICATES TRACE AMOUNT.




$$
