000
CDUS42 KRAH 180541
CLIFAY


CLIMATE REPORT
NATIONAL WEATHER SERVICE RALEIGH NC
139 AM EDT SAT APR 18 2015


...................................

...THE FAYETTEVILLE REGL AIRPORT NC CLIMATE SUMMARY FOR APRIL 17 2015...

CLIMATE NORMAL PERIOD 1981 TO 2010
CLIMATE RECORD PERIOD 1910 TO 2015


WEATHER ITEM   OBSERVED TIME   RECORD YEAR NORMAL DEPARTURE LAST
                VALUE   (LST)  VALUE       VALUE  FROM      YEAR
                                                  NORMAL
..................................................................
TEMPERATURE (F)
 YESTERDAY
  MAXIMUM         78    442 PM  92    1941  75      3       67
  MINIMUM         60    522 AM  31    1953  51      9       34
  AVERAGE         69                        63      6       51

PRECIPITATION (IN)
  YESTERDAY        0.04          3.50 1933   0.08  -0.04     0.00
  MONTH TO DATE    1.13                      1.76  -0.63     1.35
  SINCE MAR 1      3.83                      5.31  -1.48     4.99
  SINCE JAN 1     11.48                     11.37   0.11    11.71

DEGREE DAYS
 HEATING
  YESTERDAY        0                         4     -4       14
  MONTH TO DATE   48                        97    -49       68
  SINCE MAR 1    389                       441    -52      565
  SINCE JUL 1   2885                      2666    219     2890

 COOLING
  YESTERDAY        4                         2      2        0
  MONTH TO DATE   57                        28     29       35
  SINCE MAR 1     74                        40     34       36
  SINCE JAN 1     74                        44     30       39
..................................................................


WIND (MPH)
  HIGHEST WIND SPEED     8   HIGHEST WIND DIRECTION     N (10)
  HIGHEST GUST SPEED     9   HIGHEST GUST DIRECTION     N (10)
  AVERAGE WIND SPEED     3.5


SKY COVER
  POSSIBLE SUNSHINE  MM
  AVERAGE SKY COVER 0.7


WEATHER CONDITIONS
 THE FOLLOWING WEATHER WAS RECORDED YESTERDAY.
  LIGHT RAIN
  FOG


RELATIVE HUMIDITY (PERCENT)
 HIGHEST   100           400 AM
 LOWEST     58           400 PM
 AVERAGE    79

..........................................................


THE FAYETTEVILLE REGL AIRPORT NC CLIMATE NORMALS FOR TODAY
                         NORMAL    RECORD    YEAR
 MAXIMUM TEMPERATURE (F)   76        93      1941
 MINIMUM TEMPERATURE (F)   51        33      2001


SUNRISE AND SUNSET
APRIL 18 2015.........SUNRISE   640 AM EDT   SUNSET   750 PM EDT
APRIL 19 2015.........SUNRISE   639 AM EDT   SUNSET   751 PM EDT


-  INDICATES NEGATIVE NUMBERS.
R  INDICATES RECORD WAS SET OR TIED.
MM INDICATES DATA IS MISSING.
T  INDICATES TRACE AMOUNT.




$$
