000
CDUS42 KMFL 190838
CLIFLL


CLIMATE REPORT
NATIONAL WEATHER SERVICE MIAMI, FL
435 AM EDT SUN APR 19 2015


...................................

...THE FORT LAUDERDALE CLIMATE SUMMARY FOR APRIL 18 2015...

CLIMATE NORMAL PERIOD 1981 TO 2010
CLIMATE RECORD PERIOD 1839 TO 2015


WEATHER ITEM   OBSERVED TIME   RECORD YEAR NORMAL DEPARTURE LAST
                VALUE   (LST)  VALUE       VALUE  FROM      YEAR
                                                  NORMAL
..................................................................
TEMPERATURE (F)
 YESTERDAY
  MAXIMUM         90R   303 PM  90    2006  83      7       85
                                      1922
                                      1839
  MINIMUM         77    959 PM  50    1983  70      7       74
  AVERAGE         84                        76      8       80

PRECIPITATION (IN)
  YESTERDAY        T             6.39 1957   0.10  -0.10     0.09
  MONTH TO DATE    0.31                      1.87  -1.56     4.05
  SINCE NOV 1     13.38                     17.52  -4.14    24.34
  SINCE JAN 1      8.27                     11.82  -3.55    12.22

SNOWFALL (IN)
  YESTERDAY        0.0
  MONTH TO DATE    0.0
  SINCE MAR 1      0.0
  SINCE JUL 1      0.0
  SNOW DEPTH       0

DEGREE DAYS
 HEATING
  YESTERDAY        0                         0      0        0
  MONTH TO DATE    0                         0      0        0
  SINCE MAR 1      0                         9     -9        1
  SINCE JUL 1     97                       111    -14       81

 COOLING
  YESTERDAY       19                        11      8       15
  MONTH TO DATE  261                       189     72      226
  SINCE MAR 1    593                       443    150      498
  SINCE JAN 1    874                       799     75      886
..................................................................


WIND (MPH)
  HIGHEST WIND SPEED    20   HIGHEST WIND DIRECTION    SE (140)
  HIGHEST GUST SPEED    24   HIGHEST GUST DIRECTION    SE (140)
  AVERAGE WIND SPEED     6.9


SKY COVER
  AVERAGE SKY COVER 0.5


WEATHER CONDITIONS
 THE FOLLOWING WEATHER WAS RECORDED YESTERDAY.
  THUNDERSTORM
  LIGHT RAIN


RELATIVE HUMIDITY (PERCENT)
 HIGHEST    82
 LOWEST     52
 AVERAGE    67

..........................................................


THE FORT LAUDERDALE CLIMATE NORMALS FOR TODAY
                         NORMAL    RECORD    YEAR
 MAXIMUM TEMPERATURE (F)   83        90      2014
                                             1988
 MINIMUM TEMPERATURE (F)   70        50      1956


SUNRISE AND SUNSET
APRIL 19 2015.........SUNRISE   654 AM EDT   SUNSET   746 PM EDT
APRIL 20 2015.........SUNRISE   653 AM EDT   SUNSET   746 PM EDT


-  INDICATES NEGATIVE NUMBERS.
R  INDICATES RECORD WAS SET OR TIED.
MM INDICATES DATA IS MISSING.
T  INDICATES TRACE AMOUNT.




$$
