000
CDUS44 KTSA 040804
CLIFSM

CLIMATE REPORT
NATIONAL WEATHER SERVICE TULSA OK
147 AM CDT MON MAY 4 2015


...................................

...THE FORT SMITH ARKANSAS CLIMATE SUMMARY FOR MAY 3 2015...

CLIMATE NORMAL PERIOD 1981 TO 2010
CLIMATE RECORD PERIOD 1882 TO 2015


WEATHER ITEM   OBSERVED TIME   RECORD YEAR NORMAL DEPARTURE LAST
                VALUE   (LST)  VALUE       VALUE  FROM      YEAR
                                                  NORMAL
..................................................................
TEMPERATURE (F)
 YESTERDAY
  MAXIMUM         83    410 PM  90    1955  78      5       85
                                      1952
  MINIMUM         57    607 AM  37    2013  55      2       44
                                      2011
                                      2005
  AVERAGE         70                        66      4       65

PRECIPITATION (IN)
  YESTERDAY        0.00          2.84 1990   0.18  -0.18     0.00
  MONTH TO DATE    0.00                      0.53  -0.53      T
  SINCE MAR 1      8.79                      8.68   0.11     6.79
  SINCE JAN 1     13.40                     14.25  -0.85     8.56

DEGREE DAYS
 COOLING
  YESTERDAY        5                         3      2        0
  MONTH TO DATE    6                         9     -3        0
  SINCE MAR 1     74                        74      0       51
  SINCE JAN 1     74                        75     -1       51
..................................................................


WIND (MPH)
  HIGHEST WIND SPEED    17   HIGHEST WIND DIRECTION    SW (220)
  HIGHEST GUST SPEED    21   HIGHEST GUST DIRECTION     S (190)
  AVERAGE WIND SPEED     6.3


SKY COVER
  POSSIBLE SUNSHINE  MM
  AVERAGE SKY COVER 0.0


WEATHER CONDITIONS
 THE FOLLOWING WEATHER WAS RECORDED YESTERDAY.
  NO SIGNIFICANT WEATHER WAS OBSERVED.


RELATIVE HUMIDITY (PERCENT)
 HIGHEST    80           300 AM
 LOWEST     37           400 PM
 AVERAGE    59

..........................................................


THE FORT SMITH ARKANSAS CLIMATE NORMALS FOR TODAY
                         NORMAL    RECORD    YEAR
 MAXIMUM TEMPERATURE (F)   78        93      2014
 MINIMUM TEMPERATURE (F)   56        35      1954


SUNRISE AND SUNSET
MAY  4 2015...........SUNRISE   623 AM CDT   SUNSET   806 PM CDT
MAY  5 2015...........SUNRISE   622 AM CDT   SUNSET   807 PM CDT


-  INDICATES NEGATIVE NUMBERS.
R  INDICATES RECORD WAS SET OR TIED.
MM INDICATES DATA IS MISSING.
T  INDICATES TRACE AMOUNT.




$$

&&
...........................................................

THE ARKANSAS RIVER AT VAN BUREN

                   OBSERVED      24 HOUR     24 HOUR
                    VALUE        CHANGE      FORECAST

 STAGE (FEET)
  THIS MORNING       19.7         +0.3

MEAN FLOW (CFS)
  TODAY                                        22800
...........................................................
ALL DATA MEASURED AT THE FORT SMITH REGIONAL AIRPORT
