000
CDUS41 KCAR 250529
CLIFVE


CLIMATE REPORT
NATIONAL WEATHER SERVICE CARIBOU, ME
128 AM EDT SAT APR 25 2015


...................................

...THE FRENCHVILLE ME CLIMATE SUMMARY FOR APRIL 24 2015...

CLIMATE NORMAL PERIOD 1981 TO 2010
CLIMATE RECORD PERIOD 9999 TO 9999


WEATHER ITEM   OBSERVED TIME   RECORD YEAR NORMAL DEPARTURE LAST
                VALUE   (LST)  VALUE       VALUE  FROM      YEAR
                                                  NORMAL
..................................................................
TEMPERATURE (F)
 YESTERDAY
  MAXIMUM         38    212 PM              50    -12
  MINIMUM         31    641 AM              33     -2
  AVERAGE         35                        41     -6

PRECIPITATION (IN)
  YESTERDAY        0.16         MM      MM   0.10   0.06     0.24
  MONTH TO DATE    1.85                      2.26  -0.41     2.65
  SINCE MAR 1      2.06                      3.74  -1.68     3.68
  SINCE JAN 1      2.87                      6.31  -3.44     6.60

SNOWFALL (IN)
  YESTERDAY       MM            MM      MM  MM     MM       MM
  MONTH TO DATE    0.0                      MM     MM       MM
  SINCE MAR 1      0.0                      MM     MM       MM
  SINCE JUL 1      0.0                      MM     MM       MM
  SNOW DEPTH      MM

DEGREE DAYS
 HEATING
  YESTERDAY       30                                6
  MONTH TO DATE  745                               36
  SINCE JUL 1   9325                              325

 COOLING
  YESTERDAY        0                                0
  MONTH TO DATE    0                                0
  SINCE JAN 1      0                                0
..................................................................


WIND (MPH)
  HIGHEST WIND SPEED    15   HIGHEST WIND DIRECTION    NW (330)
  HIGHEST GUST SPEED    18   HIGHEST GUST DIRECTION    NW (330)
  AVERAGE WIND SPEED     7.3




..........................................................


THE FRENCHVILLE ME CLIMATE NORMALS FOR TODAY
                         NORMAL
 MAXIMUM TEMPERATURE (F)   51
 MINIMUM TEMPERATURE (F)   33


SUNRISE AND SUNSET
APRIL 25 2015.........SUNRISE   528 AM EDT   SUNSET   736 PM EDT
APRIL 26 2015.........SUNRISE   526 AM EDT   SUNSET   737 PM EDT


-  INDICATES NEGATIVE NUMBERS.
R  INDICATES RECORD WAS SET OR TIED.
MM INDICATES DATA IS MISSING.
T  INDICATES TRACE AMOUNT.




$$
