000
CDUS44 KTSA 280806
CLIFYV

CLIMATE REPORT
NATIONAL WEATHER SERVICE TULSA OK
306 AM CDT TUE APR 28 2015


...................................

...THE FAYETTEVILLE ARKANSAS CLIMATE SUMMARY FOR APRIL 27 2015...

CLIMATE NORMAL PERIOD 1981 TO 2010
CLIMATE RECORD PERIOD 1905 TO 2015


WEATHER ITEM   OBSERVED TIME   RECORD YEAR NORMAL DEPARTURE LAST
                VALUE   (LST)  VALUE       VALUE  FROM      YEAR
                                                  NORMAL
..................................................................
TEMPERATURE (F)
 YESTERDAY
  MAXIMUM         64    323 PM  88    1987  72     -8       77
  MINIMUM         49    657 AM  31    1992  48      1       57
  AVERAGE         57                        60     -3       67

PRECIPITATION (IN)
  YESTERDAY        0.19                      0.17   0.02     0.35
  MONTH TO DATE    2.76                      4.05  -1.29     3.01
  SINCE MAR 1      7.39                      8.00  -0.61     8.59
  SINCE JAN 1     10.45                     13.65  -3.20    11.07

SNOWFALL (IN)
  YESTERDAY       MM                                         0.0
  MONTH TO DATE    0.0                                       0.0
  SINCE MAR 1      2.6                                       3.8
  SINCE JUL 1      7.9                                      17.9

DEGREE DAYS
 HEATING
  YESTERDAY        8                         6      2        0
  MONTH TO DATE  169                       252    -83      256
  SINCE MAR 1    695                       778    -83      916
  SINCE JUL 1   4181                      4081    100     4636

 COOLING
  YESTERDAY        0                         1     -1        2
  MONTH TO DATE   23                        24     -1       12
  SINCE MAR 1     23                        28     -5       12
  SINCE JAN 1     23                        28     -5       12
..................................................................


WIND (MPH)
  HIGHEST WIND SPEED    25   HIGHEST WIND DIRECTION     E (80)
  HIGHEST GUST SPEED    37   HIGHEST GUST DIRECTION     E (80)
  AVERAGE WIND SPEED     7.9


SKY COVER
  POSSIBLE SUNSHINE  MM
  AVERAGE SKY COVER 0.7


WEATHER CONDITIONS
 THE FOLLOWING WEATHER WAS RECORDED YESTERDAY.
  THUNDERSTORM
  LIGHT RAIN
  FOG


RELATIVE HUMIDITY (PERCENT)
 HIGHEST   100           900 PM
 LOWEST     36           300 PM
 AVERAGE    68

..........................................................


THE FAYETTEVILLE ARKANSAS CLIMATE NORMALS FOR TODAY
                         NORMAL    RECORD    YEAR
 MAXIMUM TEMPERATURE (F)   72        88      1989
 MINIMUM TEMPERATURE (F)   49        31      1979


SUNRISE AND SUNSET
APRIL 28 2015.........SUNRISE   628 AM CDT   SUNSET   801 PM CDT
APRIL 29 2015.........SUNRISE   627 AM CDT   SUNSET   802 PM CDT


-  INDICATES NEGATIVE NUMBERS.
R  INDICATES RECORD WAS SET OR TIED.
MM INDICATES DATA IS MISSING.
T  INDICATES TRACE AMOUNT.




$$
