000
CDUS43 KDDC 052332
CLIGCK


CLIMATE REPORT
NATIONAL WEATHER SERVICE DODGE CITY KS
631 PM CDT TUE MAY 5 2015


...................................

...THE GARDEN CITY REGIONAL ARPT KS CLIMATE SUMMARY FOR MAY 5 2015...
VALID TODAY AS OF 0500 PM LOCAL TIME.

CLIMATE NORMAL PERIOD 1981 TO 2010
CLIMATE RECORD PERIOD 1948 TO 2015


WEATHER ITEM   OBSERVED TIME   RECORD YEAR NORMAL DEPARTURE LAST
                VALUE   (LST)  VALUE       VALUE  FROM      YEAR
                                                  NORMAL
..................................................................
TEMPERATURE (F)
 TODAY
  MAXIMUM         MM        MM  95    2012  73     MM       85
  MINIMUM         MM        MM  28    2013  46     MM       48
  AVERAGE         MM                        60     MM       67

PRECIPITATION (IN)
  TODAY            0.84          1.73 2008   0.07   0.77     0.00
  MONTH TO DATE    1.40                      0.37   1.03     0.00
  SINCE MAR 1      2.08                      3.55  -1.47     0.51
  SINCE JAN 1      2.85                      4.43  -1.58     0.67

DEGREE DAYS
 HEATING
  TODAY           MM                         6     MM        0
  MONTH TO DATE    0                        35    -35       27
  SINCE MAR 1    880                      1073   -193     1122
  SINCE JUL 1   4788                      5097   -309     5298

 COOLING
  TODAY           MM                         1     MM        2
  MONTH TO DATE   13                         5      8       13
  SINCE MAR 1     20                        17      3       34
  SINCE JAN 1     20                        17      3       34
..................................................................


WIND (MPH)
  HIGHEST WIND SPEED    31   HIGHEST WIND DIRECTION    SE (130)
  HIGHEST GUST SPEED    41   HIGHEST GUST DIRECTION    SE (130)
  AVERAGE WIND SPEED    17.3



WEATHER CONDITIONS
 THE FOLLOWING WEATHER WAS RECORDED TODAY.
  HEAVY RAIN
  RAIN
  LIGHT RAIN
  FOG


RELATIVE HUMIDITY (PERCENT)
 HIGHEST   100           200 AM
 LOWEST     87           100 PM
 AVERAGE    94

..........................................................


THE GARDEN CITY REGIONAL ARPT KS CLIMATE NORMALS FOR TOMORROW
                         NORMAL    RECORD    YEAR
 MAXIMUM TEMPERATURE (F)   74        96      2014
 MINIMUM TEMPERATURE (F)   47        33      1989


SUNRISE AND SUNSET
MAY  5 2015...........SUNRISE   643 AM CDT   SUNSET   837 PM CDT
MAY  6 2015...........SUNRISE   642 AM CDT   SUNSET   838 PM CDT


-  INDICATES NEGATIVE NUMBERS.
R  INDICATES RECORD WAS SET OR TIED.
MM INDICATES DATA IS MISSING.
T  INDICATES TRACE AMOUNT.




$$
