000
CDUS46 KOTX 050831
CLIGEG


CLIMATE REPORT
NATIONAL WEATHER SERVICE SPOKANE, WA
131 AM PDT TUE MAY 5 2015


...................................

...THE SPOKANE WA AIRPORT CLIMATE SUMMARY FOR MAY 4 2015...

CLIMATE NORMAL PERIOD 1981 TO 2010
CLIMATE RECORD PERIOD 1881 TO 2015


WEATHER ITEM   OBSERVED TIME   RECORD YEAR NORMAL DEPARTURE LAST
                VALUE   (LST)  VALUE       VALUE  FROM      YEAR
                                                  NORMAL
..................................................................
TEMPERATURE (F)
 YESTERDAY
  MAXIMUM         75    336 PM  84    1970  63     12       61
  MINIMUM         42    459 AM  28    1982  40      2       46
  AVERAGE         59                        52      7       54

PRECIPITATION (IN)
  YESTERDAY        0.00          0.75 1888   0.04  -0.04     0.08
  MONTH TO DATE    T                         0.16  -0.16     0.08
  SINCE OCT 1     10.64                     11.95  -1.31     9.25
  SINCE JAN 1      5.91                      6.17  -0.26     6.92

SNOWFALL (IN)
  YESTERDAY        0.0           0.3  1981   0.0    0.0      0.0
  MONTH TO DATE    0.0                       0.0    0.0      0.0
  SINCE MAR 1      1.9                       4.5   -2.6      5.8
  SINCE JUL 1     17.6                      44.8  -27.2     37.6
  SNOW DEPTH       0

DEGREE DAYS
 HEATING
  YESTERDAY        6                        14     -8       11
  MONTH TO DATE   32                        56    -24       21
  SINCE MAR 1   1148                      1363   -215     1338
  SINCE JUL 1   5270                      6192   -922     6381

 COOLING
  YESTERDAY        0                         0      0        0
  MONTH TO DATE    0                         0      0        0
  SINCE MAR 1      0                         0      0        0
  SINCE JAN 1      0                         0      0        0
..................................................................


WIND (MPH)
  HIGHEST WIND SPEED    18   HIGHEST WIND DIRECTION    SW (220)
  HIGHEST GUST SPEED    23   HIGHEST GUST DIRECTION    SW (220)
  AVERAGE WIND SPEED     8.1


SKY COVER
  POSSIBLE SUNSHINE  MM
  AVERAGE SKY COVER 0.1


WEATHER CONDITIONS
 THE FOLLOWING WEATHER WAS RECORDED YESTERDAY.
  NO SIGNIFICANT WEATHER WAS OBSERVED.


RELATIVE HUMIDITY (PERCENT)
 HIGHEST    62           300 AM
 LOWEST     16           200 PM
 AVERAGE    39

..........................................................


THE SPOKANE WA AIRPORT CLIMATE NORMALS FOR TODAY
                         NORMAL    RECORD    YEAR
 MAXIMUM TEMPERATURE (F)   63        92      1966
 MINIMUM TEMPERATURE (F)   41        27      1999
                                             1965


SUNRISE AND SUNSET
MAY  5 2015...........SUNRISE   527 AM PDT   SUNSET   808 PM PDT
MAY  6 2015...........SUNRISE   525 AM PDT   SUNSET   809 PM PDT


-  INDICATES NEGATIVE NUMBERS.
R  INDICATES RECORD WAS SET OR TIED.
MM INDICATES DATA IS MISSING.
T  INDICATES TRACE AMOUNT.




$$
