000
CDUS46 KOTX 012330
CLIGEG


CLIMATE REPORT
NATIONAL WEATHER SERVICE SPOKANE, WA
430 PM PDT WED APR 1 2015


...................................

...THE SPOKANE WA AIRPORT CLIMATE SUMMARY FOR APRIL 1 2015...
VALID AS OF 0400 PM LOCAL TIME.

CLIMATE NORMAL PERIOD 1981 TO 2010
CLIMATE RECORD PERIOD 1881 TO 2015


WEATHER ITEM   OBSERVED TIME   RECORD YEAR NORMAL DEPARTURE LAST
                VALUE   (LST)  VALUE       VALUE  FROM      YEAR
                                                  NORMAL
..................................................................
TEMPERATURE (F)
 TODAY
  MAXIMUM         48    258 PM  77    1900  54     -6       56
  MINIMUM         33    616 AM  14    1936  35     -2       32
  AVERAGE         41                        44     -3       44

PRECIPITATION (IN)
  TODAY            0.02          0.67 1978   0.05  -0.03     0.00
  MONTH TO DATE    0.02                      0.05  -0.03     0.00
  SINCE OCT 1     10.13                     10.56  -0.43     8.03
  SINCE JAN 1      5.40                      4.78   0.62     5.70

SNOWFALL (IN)
  TODAY           MM             2.4  1920   0.1   MM        0.0
  MONTH TO DATE   MM                         0.1   MM        0.0
  SINCE MAR 1      0.9                       3.6   -2.7      5.8
  SINCE JUL 1     16.6                      43.9  -27.3     37.6
  SNOW DEPTH      MM

DEGREE DAYS
 HEATING
  TODAY           24                        21      3       21
  MONTH TO DATE   24                        21      3       21
  SINCE MAR 1    621                       788   -167      801
  SINCE JUL 1   4743                      5617   -874     5844

 COOLING
  TODAY            0                         0      0        0
  MONTH TO DATE    0                         0      0        0
  SINCE MAR 1      0                         0      0        0
  SINCE JAN 1      0                         0      0        0
..................................................................


WIND (MPH)
  HIGHEST WIND SPEED    26   HIGHEST WIND DIRECTION    SW (230)
  HIGHEST GUST SPEED    33   HIGHEST GUST DIRECTION    NW (300)
  AVERAGE WIND SPEED    14.0


SKY COVER
  POSSIBLE SUNSHINE  MM
  AVERAGE SKY COVER 0.7


WEATHER CONDITIONS
 THE FOLLOWING WEATHER WAS RECORDED TODAY.
  MIXED PRECIP
  RAIN
  LIGHT RAIN
  SNOW
  SLEET
  FOG


RELATIVE HUMIDITY (PERCENT)
 HIGHEST    89           500 AM
 LOWEST     46           300 PM
 AVERAGE    68

..........................................................


THE SPOKANE WA AIRPORT CLIMATE NORMALS FOR TOMORROW
                         NORMAL    RECORD    YEAR
 MAXIMUM TEMPERATURE (F)   54        75      1992
 MINIMUM TEMPERATURE (F)   35        16      1936


SUNRISE AND SUNSET
APRIL  1 2015.........SUNRISE   629 AM PDT   SUNSET   720 PM PDT
APRIL  2 2015.........SUNRISE   627 AM PDT   SUNSET   721 PM PDT


-  INDICATES NEGATIVE NUMBERS.
R  INDICATES RECORD WAS SET OR TIED.
MM INDICATES DATA IS MISSING.
T  INDICATES TRACE AMOUNT.




$$
