000
CDUS45 KRIW 050742
CLIGEY


CLIMATE REPORT
NATIONAL WEATHER SERVICE RIVERTON WY
142 AM MDT TUE MAY 5 2015


...................................

...THE GREYBULL WY CLIMATE SUMMARY FOR MAY 4 2015...

CLIMATE NORMAL PERIOD 1981 TO 2010
CLIMATE RECORD PERIOD 1998 TO 2015


WEATHER ITEM   OBSERVED TIME   RECORD YEAR NORMAL DEPARTURE LAST
                VALUE   (LST)  VALUE       VALUE  FROM      YEAR
                                                  NORMAL
..................................................................
TEMPERATURE (F)
 YESTERDAY
  MAXIMUM         76    542 PM  85    2004  67      9       77
  MINIMUM         46    518 AM  31    2001  39      7       41
  AVERAGE         61                        53      8       59

PRECIPITATION (IN)
  YESTERDAY        T             0.17 1999   0.02  -0.02     0.00
  MONTH TO DATE    T                         0.11  -0.11     0.00
  SINCE MAR 1      0.25                      1.22  -0.97     0.89
  SINCE JAN 1      0.51                      1.63  -1.12     1.15

DEGREE DAYS
 HEATING
  YESTERDAY        4                        13     -9        6
  MONTH TO DATE   21                        53    -32       36
  SINCE MAR 1   1222                      1481   -259     1495
  SINCE JUL 1   6866                      7452   -586     7382

 COOLING
  YESTERDAY        0                         0      0        0
  MONTH TO DATE    0                         0      0        0
  SINCE MAR 1      0                         1     -1        0
  SINCE JAN 1      0                         1     -1        0
..................................................................


WIND (MPH)
  HIGHEST WIND SPEED    14   HIGHEST WIND DIRECTION     S (190)
  HIGHEST GUST SPEED    18   HIGHEST GUST DIRECTION    SE (150)
  AVERAGE WIND SPEED     4.3


SKY COVER
  POSSIBLE SUNSHINE  MM
  AVERAGE SKY COVER 0.2


WEATHER CONDITIONS
 THE FOLLOWING WEATHER WAS RECORDED YESTERDAY.
  HAZE


RELATIVE HUMIDITY (PERCENT)
 HIGHEST    76           600 AM
 LOWEST     20           500 PM
 AVERAGE    48

..........................................................


THE GREYBULL WY CLIMATE NORMALS FOR TODAY
                         NORMAL    RECORD    YEAR
 MAXIMUM TEMPERATURE (F)   67        89      2004
 MINIMUM TEMPERATURE (F)   39        28      2010


SUNRISE AND SUNSET
MAY  5 2015...........SUNRISE   557 AM MDT   SUNSET   821 PM MDT
MAY  6 2015...........SUNRISE   556 AM MDT   SUNSET   823 PM MDT


-  INDICATES NEGATIVE NUMBERS.
R  INDICATES RECORD WAS SET OR TIED.
MM INDICATES DATA IS MISSING.
T  INDICATES TRACE AMOUNT.




$$
