000
CDUS41 KALY 030624
CLIGFL


CLIMATE REPORT
NATIONAL WEATHER SERVICE ALBANY NY
223 AM EDT SUN MAY 3 2015


...................................

...THE GLENS FALLS NY CLIMATE SUMMARY FOR MAY 2 2015...

CLIMATE NORMAL PERIOD 1981 TO 2010
CLIMATE RECORD PERIOD 1949 TO 2015


WEATHER ITEM   OBSERVED TIME   RECORD YEAR NORMAL DEPARTURE LAST
                VALUE   (LST)  VALUE       VALUE  FROM      YEAR
                                                  NORMAL
..................................................................
TEMPERATURE (F)
 YESTERDAY
  MAXIMUM         74    502 PM  88    2001  64     10       60
  MINIMUM         38    438 AM  27    1987  38      0       37
  AVERAGE         56                        51      5       49

PRECIPITATION (IN)
  YESTERDAY        0.00          1.28 1992   0.12  -0.12     0.01
  MONTH TO DATE    0.00                      0.23  -0.23     0.45
  SINCE MAR 1      2.65                      6.17  -3.52     5.99
  SINCE JAN 1      4.70                     11.11  -6.41    10.52

DEGREE DAYS
 HEATING
  YESTERDAY        9                        14     -5       16
  MONTH TO DATE   21                        28     -7       24
  SINCE MAR 1   1803                      1684    119     1928
  SINCE JUL 1   7484                      7304    180     7697

 COOLING
  YESTERDAY        0                         0      0        0
  MONTH TO DATE    0                         0      0        0
  SINCE MAR 1      0                         1     -1        0
  SINCE JAN 1      0                         1     -1        0
..................................................................


WIND (MPH)
  HIGHEST WIND SPEED    14   HIGHEST WIND DIRECTION     S (160)
  HIGHEST GUST SPEED    19   HIGHEST GUST DIRECTION     S (190)
  AVERAGE WIND SPEED     3.1


SKY COVER
  AVERAGE SKY COVER 0.2



RELATIVE HUMIDITY (PERCENT)
 HIGHEST    93           300 AM
 LOWEST     29           300 PM
 AVERAGE    61

..........................................................


THE GLENS FALLS NY CLIMATE NORMALS FOR TODAY
                         NORMAL    RECORD    YEAR
 MAXIMUM TEMPERATURE (F)   64        89      2001
 MINIMUM TEMPERATURE (F)   38        24      1966


SUNRISE AND SUNSET
MAY  3 2015...........SUNRISE   545 AM EDT   SUNSET   758 PM EDT
MAY  4 2015...........SUNRISE   544 AM EDT   SUNSET   759 PM EDT


-  INDICATES NEGATIVE NUMBERS.
R  INDICATES RECORD WAS SET OR TIED.
MM INDICATES DATA IS MISSING.
T  INDICATES TRACE AMOUNT.




$$
