000
CDUS45 KGJT 070757
CLIGJT


CLIMATE REPORT
NATIONAL WEATHER SERVICE GRAND JUNCTION CO
155 AM MDT THU MAY 7 2015


...................................

...THE GRAND JUNCTION CO CLIMATE SUMMARY FOR MAY 6 2015...

CLIMATE NORMAL PERIOD 1981 TO 2010
CLIMATE RECORD PERIOD 1893 TO 2015


WEATHER ITEM   OBSERVED TIME   RECORD YEAR NORMAL DEPARTURE LAST
                VALUE   (LST)  VALUE       VALUE  FROM      YEAR
                                                  NORMAL
..................................................................
TEMPERATURE (F)
 YESTERDAY
  MAXIMUM         62   1114 AM  87    1947  72    -10       73
                                      1916
  MINIMUM         46   1135 PM  30    1999  44      2       55
  AVERAGE         54                        58     -4       64

PRECIPITATION (IN)
  YESTERDAY        0.63R         0.47 1893   0.03   0.60     0.00
  MONTH TO DATE    0.65                      0.19   0.46     0.00
  SINCE MAR 1      3.04                      2.02   1.02     0.91
  SINCE JAN 1      3.90                      3.14   0.76     2.29

SNOWFALL (IN)
  YESTERDAY        T             0.1  1975   0.0    0.0      0.0
  MONTH TO DATE    T                         0.0    0.0      0.0
  SINCE MAR 1      3.9                       3.5    0.4       T
  SINCE JUL 1     12.5                      19.0   -6.5     25.7
  SNOW DEPTH       0

DEGREE DAYS
 HEATING
  YESTERDAY       11                         7      4        1
  MONTH TO DATE   22                        48    -26       33
  SINCE MAR 1    977                      1103   -126     1141
  SINCE JUL 1   4962                      5482   -520     6079

 COOLING
  YESTERDAY        0                         1     -1        0
  MONTH TO DATE    2                         3     -1        6
  SINCE MAR 1      2                         6     -4        6
  SINCE JAN 1      2                         6     -4        6
..................................................................


WIND (MPH)
  HIGHEST WIND SPEED    29   HIGHEST WIND DIRECTION     W (260)
  HIGHEST GUST SPEED    37   HIGHEST GUST DIRECTION     W (260)
  AVERAGE WIND SPEED     5.7


SKY COVER
  POSSIBLE SUNSHINE  MM
  AVERAGE SKY COVER 0.6


WEATHER CONDITIONS
 THE FOLLOWING WEATHER WAS RECORDED YESTERDAY.
  THUNDERSTORM
  HEAVY RAIN
  RAIN
  LIGHT RAIN
  HAIL
  FOG
  HAZE


RELATIVE HUMIDITY (PERCENT)
 HIGHEST   100           100 AM
 LOWEST     53           500 PM
 AVERAGE    77

..........................................................


THE GRAND JUNCTION CO CLIMATE NORMALS FOR TODAY
                         NORMAL    RECORD    YEAR
 MAXIMUM TEMPERATURE (F)   73        90      1966
 MINIMUM TEMPERATURE (F)   45        27      1968


SUNRISE AND SUNSET
MAY  7 2015...........SUNRISE   609 AM MDT   SUNSET   813 PM MDT
MAY  8 2015...........SUNRISE   608 AM MDT   SUNSET   814 PM MDT


-  INDICATES NEGATIVE NUMBERS.
R  INDICATES RECORD WAS SET OR TIED.
MM INDICATES DATA IS MISSING.
T  INDICATES TRACE AMOUNT.




$$
