000
CDUS45 KGJT 300929
CLIGJT


CLIMATE REPORT
NATIONAL WEATHER SERVICE GRAND JUNCTION CO
327 AM MDT MON MAR 30 2015


...................................

...THE GRAND JUNCTION CO CLIMATE SUMMARY FOR MARCH 29 2015...

CLIMATE NORMAL PERIOD 1981 TO 2010
CLIMATE RECORD PERIOD 1893 TO 2015


WEATHER ITEM   OBSERVED TIME   RECORD YEAR NORMAL DEPARTURE LAST
                VALUE   (LST)  VALUE       VALUE  FROM      YEAR
                                                  NORMAL
..................................................................
TEMPERATURE (F)
 YESTERDAY
  MAXIMUM         73    420 PM  77    1986  60     13       63
                                      1943
  MINIMUM         39   1107 PM  14    1977  34      5       32
  AVERAGE         56                        47      9       48

PRECIPITATION (IN)
  YESTERDAY        0.00          0.60 1990   0.03  -0.03     0.00
  MONTH TO DATE    0.27                      0.85  -0.58     0.10
  SINCE MAR 1      0.27                      0.85  -0.58     0.10
  SINCE JAN 1      1.13                      1.97  -0.84     1.48

SNOWFALL (IN)
  YESTERDAY        0.0           4.0  1949   0.0    0.0      0.0
  MONTH TO DATE    1.9                       2.4   -0.5       T
  SINCE MAR 1      1.9                       2.4   -0.5       T
  SINCE JUL 1     10.5                      17.9   -7.4     25.7
  SNOW DEPTH       0

DEGREE DAYS
 HEATING
  YESTERDAY        9                        18     -9       17
  MONTH TO DATE  507                       617   -110      614
  SINCE MAR 1    507                       617   -110      614
  SINCE JUL 1   4492                      4996   -504     5552

 COOLING
  YESTERDAY        0                         0      0        0
  MONTH TO DATE    0                         0      0        0
  SINCE MAR 1      0                         0      0        0
  SINCE JAN 1      0                         0      0        0
..................................................................


WIND (MPH)
  HIGHEST WIND SPEED    23   HIGHEST WIND DIRECTION    NE (50)
  HIGHEST GUST SPEED    29   HIGHEST GUST DIRECTION    NE (60)
  AVERAGE WIND SPEED     7.2


SKY COVER
  POSSIBLE SUNSHINE  MM
  AVERAGE SKY COVER 0.0


WEATHER CONDITIONS
 THE FOLLOWING WEATHER WAS RECORDED YESTERDAY.
  NO SIGNIFICANT WEATHER WAS OBSERVED.


RELATIVE HUMIDITY (PERCENT)
 HIGHEST    36          1200 AM
 LOWEST      8           200 PM
 AVERAGE    22

..........................................................


THE GRAND JUNCTION CO CLIMATE NORMALS FOR TODAY
                         NORMAL    RECORD    YEAR
 MAXIMUM TEMPERATURE (F)   60        79      1971
 MINIMUM TEMPERATURE (F)   34        16      1987


SUNRISE AND SUNSET
MARCH 30 2015.........SUNRISE   702 AM MDT   SUNSET   736 PM MDT
MARCH 31 2015.........SUNRISE   701 AM MDT   SUNSET   737 PM MDT


-  INDICATES NEGATIVE NUMBERS.
R  INDICATES RECORD WAS SET OR TIED.
MM INDICATES DATA IS MISSING.
T  INDICATES TRACE AMOUNT.




$$
