000
CDUS44 KJAN 270838
CLIGLH


CLIMATE REPORT
NATIONAL WEATHER SERVICE JACKSON MS
329 AM CDT MON APR 27 2015


...................................

...THE GREENVILLE CLIMATE SUMMARY FOR APRIL 26 2015...

CLIMATE NORMAL PERIOD 1981 TO 2010
CLIMATE RECORD PERIOD 1920 TO 2015


WEATHER ITEM   OBSERVED TIME   RECORD YEAR NORMAL DEPARTURE LAST
                VALUE   (LST)  VALUE       VALUE  FROM      YEAR
                                                  NORMAL
..................................................................
TEMPERATURE (F)
 YESTERDAY
  MAXIMUM         80    236 PM  90    1925  77      3       85
  MINIMUM         59   1159 PM  42    1926  56      3       52
  AVERAGE         70                        67      3       69

PRECIPITATION (IN)
  YESTERDAY        0.00          3.17 1920   0.13  -0.13     0.00
  MONTH TO DATE    3.95                      4.24  -0.29     8.39
  SINCE MAR 1      8.56                      8.79  -0.23    13.90
  SINCE JAN 1     15.01                     18.78  -3.77    18.20

SNOWFALL (IN)
  YESTERDAY        0.0

DEGREE DAYS
 HEATING
  YESTERDAY        0                         2     -2        0
  MONTH TO DATE   45                       111    -66      123
  SINCE MAR 1    366                       447    -81      557
  SINCE JUL 1   2853                      2756     97     3164

 COOLING
  YESTERDAY        5                         3      2        4
  MONTH TO DATE   91                        48     43       51
  SINCE MAR 1     98                        65     33       56
  SINCE JAN 1     98                        70     28       56
..................................................................


WIND (MPH)
  HIGHEST WIND SPEED    23   HIGHEST WIND DIRECTION    NE (30)
  HIGHEST GUST SPEED    30   HIGHEST GUST DIRECTION    NE (40)
  AVERAGE WIND SPEED    10.4


SKY COVER
  POSSIBLE SUNSHINE  MM
  AVERAGE SKY COVER 0.0


WEATHER CONDITIONS
 THE FOLLOWING WEATHER WAS RECORDED YESTERDAY.
  FOG


RELATIVE HUMIDITY (PERCENT)
 HIGHEST    93           300 AM
 LOWEST     54          1200 PM
 AVERAGE    74

..........................................................


THE GREENVILLE CLIMATE NORMALS FOR TODAY
                         NORMAL    RECORD    YEAR
 MAXIMUM TEMPERATURE (F)   78        96      1987
 MINIMUM TEMPERATURE (F)   56        43      1992
                                             1953


SUNRISE AND SUNSET
APRIL 27 2015.........SUNRISE   620 AM CDT   SUNSET   744 PM CDT
APRIL 28 2015.........SUNRISE   619 AM CDT   SUNSET   744 PM CDT


-  INDICATES NEGATIVE NUMBERS.
R  INDICATES RECORD WAS SET OR TIED.
MM INDICATES DATA IS MISSING.
T  INDICATES TRACE AMOUNT.




$$
