000
CDUS42 KJAX 210534
CLIGNV


CLIMATE REPORT
NATIONAL WEATHER SERVICE JACKSONVILLE FL
133 AM EDT TUE APR 21 2015


...................................

...THE GAINESVILLE CLIMATE SUMMARY FOR APRIL 20 2015...

CLIMATE NORMAL PERIOD 1981 TO 2010
CLIMATE RECORD PERIOD 1890 TO 2015


WEATHER ITEM   OBSERVED TIME   RECORD YEAR NORMAL DEPARTURE LAST
                VALUE   (LST)  VALUE       VALUE  FROM      YEAR
                                                  NORMAL
..................................................................
TEMPERATURE (F)
 YESTERDAY
  MAXIMUM         79    113 PM  94    1892  81     -2       65
  MINIMUM         62    503 AM  41    1936  56      6       56
  AVERAGE         71                        68      3       61

PRECIPITATION (IN)
  YESTERDAY        0.15          1.37 1893   0.08   0.07     0.00
  MONTH TO DATE    1.45                      1.89  -0.44     1.37
  SINCE MAR 1      2.62                      6.22  -3.60     6.87
  SINCE JAN 1      7.88                     12.73  -4.85    16.44

SNOWFALL (IN)
  YESTERDAY        0.0           0.0    MM   0.0    0.0      0.0
  MONTH TO DATE    0.0                       0.0    0.0      0.0
  SINCE MAR 1      0.0                       0.0    0.0      0.0
  SINCE JUL 1      0.0                       0.0    0.0      0.0
  SNOW DEPTH       0

DEGREE DAYS
 HEATING
  YESTERDAY        0                         1     -1        4
  MONTH TO DATE    0                        35    -35       19
  SINCE MAR 1     60                       172   -112      182
  SINCE JUL 1   1211                      1206      5     1092

 COOLING
  YESTERDAY        6                         4      2        0
  MONTH TO DATE  168                        67    101       63
  SINCE MAR 1    307                       121    186       88
  SINCE JAN 1    322                       153    169      125
..................................................................


WIND (MPH)
  HIGHEST WIND SPEED    26   HIGHEST WIND DIRECTION    NW (320)
  HIGHEST GUST SPEED    34   HIGHEST GUST DIRECTION    NW (320)
  AVERAGE WIND SPEED     3.9


SKY COVER
  POSSIBLE SUNSHINE  MM
  AVERAGE SKY COVER 0.3


WEATHER CONDITIONS
 THE FOLLOWING WEATHER WAS RECORDED YESTERDAY.
  THUNDERSTORM
  RAIN
  LIGHT RAIN
  FOG


RELATIVE HUMIDITY (PERCENT)
 HIGHEST   100           400 AM
 LOWEST     71           100 PM
 AVERAGE    86

..........................................................


THE GAINESVILLE CLIMATE NORMALS FOR TODAY
                         NORMAL    RECORD    YEAR
 MAXIMUM TEMPERATURE (F)   82        95      1908
 MINIMUM TEMPERATURE (F)   56        42      1901


SUNRISE AND SUNSET
APRIL 21 2015.........SUNRISE   656 AM EDT   SUNSET   800 PM EDT
APRIL 22 2015.........SUNRISE   655 AM EDT   SUNSET   800 PM EDT


-  INDICATES NEGATIVE NUMBERS.
R  INDICATES RECORD WAS SET OR TIED.
MM INDICATES DATA IS MISSING.
T  INDICATES TRACE AMOUNT.




$$
