000
CDUS44 KAMA 180633
CLIGUY


CLIMATE REPORT
NATIONAL WEATHER SERVICE AMARILLO TX
133 AM CDT SAT APR 18 2015


...................................

...THE GUYMON CLIMATE SUMMARY FOR APRIL 17 2015...

CLIMATE NORMAL PERIOD 1981 TO 2010
CLIMATE RECORD PERIOD 1998 TO 2015


WEATHER ITEM   OBSERVED TIME   RECORD YEAR NORMAL DEPARTURE LAST
                VALUE   (LST)  VALUE       VALUE  FROM      YEAR
                                                  NORMAL
..................................................................
TEMPERATURE (F)
 YESTERDAY
  MAXIMUM         74    405 PM  MM      MM  71      3       55
  MINIMUM         51   1159 PM  MM      MM  41     10       38
  AVERAGE         63                        56      7       47

PRECIPITATION (IN)
  YESTERDAY        0.18         MM      MM   0.05   0.13     0.33
  MONTH TO DATE    0.26                      0.81  -0.55     0.53
  SINCE MAR 1      1.27                      2.24  -0.97     0.74
  SINCE JAN 1      3.22                      3.11   0.11     1.08

SNOWFALL (IN)
  YESTERDAY        0.0          MM      MM  MM     MM        0.0
  MONTH TO DATE    0.0                      MM     MM        2.0
  SINCE MAR 1      2.0                      MM     MM        3.5
  SINCE JUL 1     23.3                      MM     MM       16.2
  SNOW DEPTH       0

DEGREE DAYS
 HEATING
  YESTERDAY        2                        10     -8       18
  MONTH TO DATE  102                       205   -103      217
  SINCE MAR 1    555                       786   -231      822
  SINCE JUL 1   3772                      4253   -481     4388

 COOLING
  YESTERDAY        0                         0      0        0
  MONTH TO DATE   15                         0     15        4
  SINCE MAR 1     16                         2     14        5
  SINCE JAN 1     16                         2     14        5
..................................................................


WIND (MPH)
  RESULTANT WIND SPEED  12   RESULTANT WIND DIRECTION   S (160)
  HIGHEST WIND SPEED    23   HIGHEST WIND DIRECTION     S (180)
  HIGHEST GUST SPEED    35   HIGHEST GUST DIRECTION     S (180)
  AVERAGE WIND SPEED    13.6


SKY COVER
  AVERAGE SKY COVER 0.6


WEATHER CONDITIONS
 THE FOLLOWING WEATHER WAS RECORDED YESTERDAY.
  THUNDERSTORM
  LIGHT RAIN
  FOG


RELATIVE HUMIDITY (PERCENT)
 HIGHEST   100           600 AM
 LOWEST     20           400 PM
 AVERAGE    60

..........................................................


THE GUYMON CLIMATE NORMALS FOR TODAY
                         NORMAL    RECORD    YEAR
 MAXIMUM TEMPERATURE (F)   71        MM        MM
 MINIMUM TEMPERATURE (F)   41        MM        MM


SUNRISE AND SUNSET
APRIL 18 2015.........SUNRISE   708 AM CDT   SUNSET   823 PM CDT
APRIL 19 2015.........SUNRISE   707 AM CDT   SUNSET   824 PM CDT


-  INDICATES NEGATIVE NUMBERS.
R  INDICATES RECORD WAS SET OR TIED.
MM INDICATES DATA IS MISSING.
T  INDICATES TRACE AMOUNT.




$$
