000
CDUS41 KGYX 250803
CLIGYX


CLIMATE REPORT
NATIONAL WEATHER SERVICE GRAY ME
403 AM EDT SAT APR 25 2015


...................................

...THE GRAY ME CLIMATE SUMMARY FOR APRIL 24 2015...

CLIMATE NORMAL PERIOD 1981 TO 2010
CLIMATE RECORD PERIOD 1995 TO 2015


WEATHER ITEM   OBSERVED TIME   RECORD YEAR NORMAL DEPARTURE LAST
                VALUE   (LST)  VALUE       VALUE  FROM      YEAR
                                                  NORMAL
..................................................................
TEMPERATURE (F)
 YESTERDAY
  MAXIMUM         47        MM  MM      MM  57    -10       52
  MINIMUM         31        MM  MM      MM  38     -7       38
  AVERAGE         39                        48     -9       45

PRECIPITATION (IN)
  YESTERDAY        0.00         MM      MM   0.15  -0.15     0.00
  MONTH TO DATE    3.38                      3.51  -0.13     2.59
  SINCE MAR 1      4.90                      7.68  -2.78     6.47
  SINCE JAN 1     10.87                     14.52  -3.65    13.46

SNOWFALL (IN)
  YESTERDAY        0.0          MM      MM   0.1   -0.1      0.0
  MONTH TO DATE    3.0                       4.6   -1.6      1.2
  SINCE MAR 1      8.2                      24.5  -16.3      8.9
  SINCE JUL 1    107.3                      83.6   23.7     83.0
  SNOW DEPTH       0

DEGREE DAYS
 HEATING
  YESTERDAY       26                        17      9       20
  MONTH TO DATE  518                       527     -9      539
  SINCE MAR 1   1653                      1520    133     1765
  SINCE JUL 1   7129                      6678    451     7175

 COOLING
  YESTERDAY        0                         0      0        0
  MONTH TO DATE    0                         0      0        0
  SINCE MAR 1      0                         0      0        0
  SINCE JAN 1      0                         0      0        0
..................................................................







THE GRAY ME CLIMATE NORMALS FOR TODAY
                         NORMAL
 MAXIMUM TEMPERATURE (F)   58
 MINIMUM TEMPERATURE (F)   39


SUNRISE AND SUNSET
APRIL 25 2015.........SUNRISE   542 AM EDT   SUNSET   737 PM EDT
APRIL 26 2015.........SUNRISE   541 AM EDT   SUNSET   738 PM EDT


-  INDICATES NEGATIVE NUMBERS.
R  INDICATES RECORD WAS SET OR TIED.
MM INDICATES DATA IS MISSING.
T  INDICATES TRACE AMOUNT.




$$
