000
CDUS44 KJAN 020700
CLIHBG


CLIMATE REPORT
NATIONAL WEATHER SERVICE JACKSON MS
155 AM CDT THU APR 2 2015


...................................

...THE HATTIESBURG CLIMATE SUMMARY FOR APRIL 1 2015...

CLIMATE NORMAL PERIOD 1981 TO 2010
CLIMATE RECORD PERIOD 1948 TO 2015


WEATHER ITEM   OBSERVED TIME   RECORD YEAR NORMAL DEPARTURE LAST
                VALUE   (LST)  VALUE       VALUE  FROM      YEAR
                                                  NORMAL
..................................................................
TEMPERATURE (F)
 YESTERDAY
  MAXIMUM         82    350 PM  88    1974  75      7       81
  MINIMUM         59    419 AM  32    1987  49     10       48
  AVERAGE         71                        62      9       65

PRECIPITATION (IN)
  YESTERDAY        0.00          2.87 2005   0.20  -0.20     0.02
  MONTH TO DATE    0.00                      0.20  -0.20     0.02
  SINCE MAR 1      5.71                      5.70   0.01     6.39
  SINCE JAN 1     13.54                     16.83  -3.29    16.29

SNOWFALL (IN)
  YESTERDAY        0.0

DEGREE DAYS
 HEATING
  YESTERDAY        0                         5     -5        0
  MONTH TO DATE    0                         5     -5        0
  SINCE MAR 1    116                       222   -106      272
  SINCE JUL 1   1897                      1900     -3     2195

 COOLING
  YESTERDAY        6                         2      4        0
  MONTH TO DATE    6                         2      4        0
  SINCE MAR 1     98                        35     63        9
  SINCE JAN 1    104                        50     54       26
..................................................................


WIND (MPH)
  HIGHEST WIND SPEED    15   HIGHEST WIND DIRECTION     S (180)
  HIGHEST GUST SPEED    20   HIGHEST GUST DIRECTION     S (200)
  AVERAGE WIND SPEED     6.5


SKY COVER
  POSSIBLE SUNSHINE  MM
  AVERAGE SKY COVER 0.2


WEATHER CONDITIONS
 THE FOLLOWING WEATHER WAS RECORDED YESTERDAY.
  FOG


RELATIVE HUMIDITY (PERCENT)
 HIGHEST    93           500 AM
 LOWEST     36           500 PM
 AVERAGE    65

..........................................................


THE HATTIESBURG CLIMATE NORMALS FOR TODAY
                         NORMAL    RECORD    YEAR
 MAXIMUM TEMPERATURE (F)   75        87      1966
 MINIMUM TEMPERATURE (F)   49        32      1987


SUNRISE AND SUNSET
APRIL  2 2015.........SUNRISE   645 AM CDT   SUNSET   717 PM CDT
APRIL  3 2015.........SUNRISE   644 AM CDT   SUNSET   718 PM CDT


-  INDICATES NEGATIVE NUMBERS.
R  INDICATES RECORD WAS SET OR TIED.
MM INDICATES DATA IS MISSING.
T  INDICATES TRACE AMOUNT.




$$
