000
CDUS44 KBRO 250632
CLIHRL


CLIMATE REPORT
NATIONAL WEATHER SERVICE BROWNSVILLE TX
132 AM CDT SAT APR 25 2015


...................................

...THE HARLINGEN CLIMATE SUMMARY FOR APRIL 24 2015...

CLIMATE NORMAL PERIOD 1981 TO 2010
CLIMATE RECORD PERIOD 1912 TO 2015


WEATHER ITEM   OBSERVED TIME   RECORD YEAR NORMAL DEPARTURE LAST
                VALUE   (LST)  VALUE       VALUE  FROM      YEAR
                                                  NORMAL
..................................................................
TEMPERATURE (F)
 YESTERDAY
  MAXIMUM         91    153 PM 106    1955  87      4       92
  MINIMUM         72   1114 PM  49    1928  67      5       72
  AVERAGE         82                        77      5       82

PRECIPITATION (IN)
  YESTERDAY        0.41          2.20 2001   0.05   0.36     0.00
  MONTH TO DATE    3.72                      1.35   2.37     0.17
  SINCE MAR 1      6.78                      2.64   4.14     1.95
  SINCE JAN 1      9.70                      5.11   4.59     2.95

SNOWFALL (IN)
  YESTERDAY        0.0
  MONTH TO DATE    0.0
  SINCE MAR 1      0.0
  SINCE JUL 1      0.0

DEGREE DAYS
 HEATING
  YESTERDAY        0                         0      0        0
  MONTH TO DATE    0                         7     -7       12
  SINCE MAR 1     74                        53     21      119
  SINCE JUL 1    767                       621    146      930

 COOLING
  YESTERDAY       17                        12      5       17
  MONTH TO DATE  313                       243     70      197
  SINCE MAR 1    434                       413     21      309
  SINCE JAN 1    493                       538    -45      420
..................................................................


WIND (MPH)
  HIGHEST WIND SPEED    40   HIGHEST WIND DIRECTION     W (250)
  HIGHEST GUST SPEED    57   HIGHEST GUST DIRECTION     W (250)
  AVERAGE WIND SPEED    14.4



WEATHER CONDITIONS
 THE FOLLOWING WEATHER WAS RECORDED YESTERDAY.
  THUNDERSTORM
  HEAVY RAIN
  LIGHT RAIN
  FOG
  HAZE


RELATIVE HUMIDITY (PERCENT)
 HIGHEST    91
 LOWEST     64
 AVERAGE    78

..........................................................


THE HARLINGEN CLIMATE NORMALS FOR TODAY
                         NORMAL    RECORD    YEAR
 MAXIMUM TEMPERATURE (F)   87       100      1945
 MINIMUM TEMPERATURE (F)   67        52      1913


SUNRISE AND SUNSET
APRIL 25 2015.........SUNRISE   658 AM CDT   SUNSET   759 PM CDT
APRIL 26 2015.........SUNRISE   657 AM CDT   SUNSET   800 PM CDT


-  INDICATES NEGATIVE NUMBERS.
R  INDICATES RECORD WAS SET OR TIED.
MM INDICATES DATA IS MISSING.
T  INDICATES TRACE AMOUNT.




$$
