000
CDUS44 KLZK 012116
CLIHRO


CLIMATE REPORT
NATIONAL WEATHER SERVICE LITTLE ROCK AR
416 PM CDT WED APR 1 2015


...................................

...THE HARRISON CLIMATE SUMMARY FOR APRIL 1 2015...
VALID TODAY AS OF 0400 PM LOCAL TIME.

CLIMATE NORMAL PERIOD 1981 TO 2010
CLIMATE RECORD PERIOD 1891 TO 2015


WEATHER ITEM   OBSERVED TIME   RECORD YEAR NORMAL DEPARTURE LAST
                VALUE   (LST)  VALUE       VALUE  FROM      YEAR
                                                  NORMAL
..................................................................
TEMPERATURE (F)
 TODAY
  MAXIMUM         68    312 PM  92    1946  65      3       77
  MINIMUM         53    307 AM  20    1899  42     11       46
  AVERAGE         61                        54      7       62

PRECIPITATION (IN)
  TODAY            T             2.61 1917   0.13  -0.13     0.00
  MONTH TO DATE    T                         0.13  -0.13     0.00
  SINCE MAR 1      5.94                      3.92   2.02     4.44
  SINCE JAN 1      9.48                      9.12   0.36     6.39

SNOWFALL (IN)
  TODAY            0.0           T    1993   0.1   -0.1      0.0
  MONTH TO DATE    0.0                       0.1   -0.1      0.0
  SINCE MAR 1      4.3                       2.1    2.2     10.0
  SINCE JUL 1     13.6                      11.3    2.3     25.8
  SNOW DEPTH       0

DEGREE DAYS
 HEATING
  TODAY            4                        12     -8        3
  MONTH TO DATE    4                        12     -8        3
  SINCE MAR 1    510                       520    -10      620
  SINCE JUL 1   3905                      3692    213     4155

 COOLING
  TODAY            0                         1     -1        0
  MONTH TO DATE    0                         1     -1        0
  SINCE MAR 1      4                         7     -3        0
  SINCE JAN 1      4                         7     -3        0
..................................................................


WIND (MPH)
  HIGHEST WIND SPEED    14   HIGHEST WIND DIRECTION    SE (120)
  HIGHEST GUST SPEED    MM   HIGHEST GUST DIRECTION    MM
  AVERAGE WIND SPEED     6.8


SKY COVER
  POSSIBLE SUNSHINE  MM
  AVERAGE SKY COVER 0.7


WEATHER CONDITIONS
 THE FOLLOWING WEATHER WAS RECORDED TODAY.
  THUNDERSTORM
  LIGHT RAIN
  FOG


RELATIVE HUMIDITY (PERCENT)
 HIGHEST   100           700 AM
 LOWEST     78          1200 AM
 AVERAGE    89

..........................................................


THE HARRISON CLIMATE NORMALS FOR TOMORROW
                         NORMAL    RECORD    YEAR
 MAXIMUM TEMPERATURE (F)   66        92      1946
 MINIMUM TEMPERATURE (F)   43        25      1975
                                             1936


SUNRISE AND SUNSET
APRIL  1 2015.........SUNRISE   659 AM CDT   SUNSET   734 PM CDT
APRIL  2 2015.........SUNRISE   658 AM CDT   SUNSET   735 PM CDT


-  INDICATES NEGATIVE NUMBERS.
R  INDICATES RECORD WAS SET OR TIED.
MM INDICATES DATA IS MISSING.
T  INDICATES TRACE AMOUNT.




$$
