000
CDUS43 KGID 051013
CLIHSI


CLIMATE REPORT
NATIONAL WEATHER SERVICE HASTINGS NE
512 AM CDT TUE MAY 5 2015


...................................

...THE HASTINGS NE CLIMATE SUMMARY FOR MAY 4 2015...

CLIMATE NORMAL PERIOD 1981 TO 2010
CLIMATE RECORD PERIOD 1894 TO 2015


WEATHER ITEM   OBSERVED TIME   RECORD YEAR NORMAL DEPARTURE LAST
                VALUE   (LST)  VALUE       VALUE  FROM      YEAR
                                                  NORMAL
..................................................................
TEMPERATURE (F)
 YESTERDAY
  MAXIMUM         64   1203 AM  90    1962  68     -4       72
  MINIMUM         54    941 AM  26    1907  46      8       49
  AVERAGE         59                        57      2       61

PRECIPITATION (IN)
  YESTERDAY        0.13          2.01 2001   0.16  -0.03     0.00
  MONTH TO DATE    0.13                      0.64  -0.51     0.00
  SINCE MAR 1      3.88                      4.99  -1.11     4.08
  SINCE JAN 1      4.99                      5.89  -0.90     4.79

SNOWFALL (IN)
  YESTERDAY        0.0           T    2003   0.0    0.0      0.0
  MONTH TO DATE    0.0                       0.0    0.0      0.0
  SINCE MAR 1      0.8                       6.4   -5.6      3.4
  SINCE JUL 1     17.0                      28.8  -11.8     21.7
  SNOW DEPTH       0

DEGREE DAYS
 HEATING
  YESTERDAY        6                         9     -3        4
  MONTH TO DATE    6                        36    -30       36
  SINCE MAR 1    997                      1245   -248     1299
  SINCE JUL 1   5620                      5875   -255     6179

 COOLING
  YESTERDAY        0                         1     -1        0
  MONTH TO DATE   17                         2     15        0
  SINCE MAR 1     21                         7     14        8
  SINCE JAN 1     21                         7     14        8
..................................................................


WIND (MPH)
  HIGHEST WIND SPEED    28   HIGHEST WIND DIRECTION    NE (50)
  HIGHEST GUST SPEED    37   HIGHEST GUST DIRECTION    NE (40)
  AVERAGE WIND SPEED    14.0


SKY COVER
  AVERAGE SKY COVER 0.8


WEATHER CONDITIONS
 THE FOLLOWING WEATHER WAS RECORDED YESTERDAY.
  THUNDERSTORM
  RAIN
  LIGHT RAIN
  FOG
  FOG W/VISIBILITY <= 1/4 MILE


RELATIVE HUMIDITY (PERCENT)
 HIGHEST    93           700 PM
 LOWEST     48          1200 AM
 AVERAGE    71

..........................................................


THE HASTINGS NE CLIMATE NORMALS FOR TODAY
                         NORMAL    RECORD    YEAR
 MAXIMUM TEMPERATURE (F)   69        94      1909
 MINIMUM TEMPERATURE (F)   46        29      1944


SUNRISE AND SUNSET
MAY  5 2015...........SUNRISE   628 AM CDT   SUNSET   834 PM CDT
MAY  6 2015...........SUNRISE   627 AM CDT   SUNSET   835 PM CDT


-  INDICATES NEGATIVE NUMBERS.
R  INDICATES RECORD WAS SET OR TIED.
MM INDICATES DATA IS MISSING.
T  INDICATES TRACE AMOUNT.




$$
