000
CDUS41 KCAR 062025
CLIHUL


CLIMATE REPORT
NATIONAL WEATHER SERVICE CARIBOU, ME
425 PM EDT WED MAY 6 2015


...................................

...THE HOULTON ME CLIMATE SUMMARY FOR MAY 6 2015...
VALID TODAY AS OF 0400 PM LOCAL TIME.

CLIMATE NORMAL PERIOD 1981 TO 2010
CLIMATE RECORD PERIOD 1948 TO 2015


WEATHER ITEM   OBSERVED TIME   RECORD YEAR NORMAL DEPARTURE LAST
                VALUE   (LST)  VALUE       VALUE  FROM      YEAR
                                                  NORMAL
..................................................................
TEMPERATURE (F)
 TODAY
  MAXIMUM         67    259 PM  82    1960  60      7       61
  MINIMUM         36    116 AM  22    1974  36      0       30
  AVERAGE         52                        48      4       46

PRECIPITATION (IN)
  TODAY            0.00          0.71 1989   0.10  -0.10      T
  MONTH TO DATE    T                         0.61  -0.61     0.90
  SINCE MAR 1      3.34                      7.08  -3.74     6.99
  SINCE JAN 1      5.44                     11.94  -6.50    12.57

SNOWFALL (IN)
  TODAY           MM             T    1956   0.1   MM       MM
  MONTH TO DATE   MM                         0.1   MM       MM
  SINCE MAR 1     MM                        23.9   MM       MM
  SINCE JUL 1     MM                        89.5   MM       MM
  SNOW DEPTH      MM

DEGREE DAYS
 HEATING
  TODAY           13                        17     -4       19
  MONTH TO DATE   74                       108    -34      110
  SINCE MAR 1   2309                      2108    201     2412
  SINCE JUL 1   8877                      8681    196     9002

 COOLING
  TODAY            0                         0      0        0
  MONTH TO DATE    0                         0      0        0
  SINCE MAR 1      0                         0      0        0
  SINCE JAN 1      0                         0      0        0
..................................................................


WIND (MPH)
  HIGHEST WIND SPEED    23   HIGHEST WIND DIRECTION     W (250)
  HIGHEST GUST SPEED    35   HIGHEST GUST DIRECTION     W (270)
  AVERAGE WIND SPEED     9.9


SKY COVER
  POSSIBLE SUNSHINE  MM
  AVERAGE SKY COVER 0.3


WEATHER CONDITIONS
 THE FOLLOWING WEATHER WAS RECORDED TODAY.
  NO SIGNIFICANT WEATHER WAS OBSERVED.


RELATIVE HUMIDITY (PERCENT)
 HIGHEST    85           100 AM
 LOWEST     24           100 PM
 AVERAGE    55

..........................................................


THE HOULTON ME CLIMATE NORMALS FOR TOMORROW
                         NORMAL    RECORD    YEAR
 MAXIMUM TEMPERATURE (F)   61        84      1964
 MINIMUM TEMPERATURE (F)   36        20      1956


SUNRISE AND SUNSET
MAY  6 2015...........SUNRISE   511 AM EDT   SUNSET   746 PM EDT
MAY  7 2015...........SUNRISE   509 AM EDT   SUNSET   747 PM EDT


-  INDICATES NEGATIVE NUMBERS.
R  INDICATES RECORD WAS SET OR TIED.
MM INDICATES DATA IS MISSING.
T  INDICATES TRACE AMOUNT.




$$
